{"id":13776,"date":"2025-07-15T19:27:35","date_gmt":"2025-07-15T19:27:35","guid":{"rendered":"https:\/\/intimusdream.com\/index.php\/produto\/black-hole-gel-a-base-de-agua-extra-dilatacao-6-ml\/"},"modified":"2026-01-09T15:08:59","modified_gmt":"2026-01-09T15:08:59","slug":"black-hole-gel-a-base-de-agua-extra-dilatacao-6-ml","status":"publish","type":"product","link":"https:\/\/intimusdream.com\/index.php\/produto\/black-hole-gel-a-base-de-agua-extra-dilatacao-6-ml\/","title":{"rendered":"BLACK HOLE &#8211; GEL \u00c0 BASE DE \u00c1GUA EXTRA DILATA\u00c7\u00c3O 6 ML"},"content":{"rendered":"<p>Black Hole, sem d&uacute;vida a melhor op&ccedil;&atilde;o, dilatador e relaxante &eacute; especialmente pensado para a pr&aacute;tica do sexo anal, sendo o lubrificante dilatador por excel&ecirc;ncia. &Eacute; um lubrificante anal de alt&iacute;ssima qualidade, recomendado tanto para todos aqueles que desejam iniciar a pr&aacute;tica do sexo anal como para usu&aacute;rios experientes. Muitos casais s&atilde;o curiosos, mas muitos n&atilde;o se atrevem a experiment&aacute;-lo &#8230; A ideia de que pode causar dor faz com que o deixem de lado muitas vezes &eacute; pr&aacute;tico, sendo um dos mais agrad&aacute;veis.<\/p>\n<p>Black Hole Anal Relax foi especialmente desenvolvido para o prazer anal. Devido ao efeito ligeiramente entorpecente, o esf&iacute;ncter fica efetivamente relaxado e, portanto, garante uma penetra&ccedil;&atilde;o sem dor e sem perda de sensibilidade. Basta massagear suavemente o &acirc;nus, deix&aacute;-lo agir por um curto per&iacute;odo de tempo e iniciar seu caso de amor anal relaxado.<\/p>\n<p>A especial composi&ccedil;&atilde;o isenta de gorduras do lubrificante &eacute; sol&uacute;vel em &aacute;gua e por isso pode ser facilmente lavado com &aacute;gua, n&atilde;o tem corantes e n&atilde;o deixa vest&iacute;gios, mesmo em momentos de paix&atilde;o. Com uma consist&ecirc;ncia suave e sedosa que deixa a pele confort&aacute;vel e com cobertura ideal, o Black Hole Anal Realax &eacute; ideal para fazer amor satisfat&oacute;rio e sem preocupa&ccedil;&otilde;es. Qualidade fabricada na Europa!<\/p>\n<p>Caracteristicas:<\/p>\n<ul>\n<li>Alto poder relaxante e dilatador<\/li>\n<li>Lubrificante &agrave; base de &aacute;gua<\/li>\n<li>Especial para dilata&ccedil;&otilde;es fortes (por exemplo, fisting)<\/li>\n<li>Compat&iacute;vel com preservativos<\/li>\n<li>Incolor, inodoro e ins&iacute;pido<\/li>\n<li>N&atilde;o gorduroso<\/li>\n<li>Formato: 6 ml<\/li>\n<\/ul>\n<p>BLACK HOLE ANAL RELAX<\/p>\n<p>Fabricamos com base na experi&ecirc;ncia e na import&acirc;ncia de experimentar coisas novas e expandir os seus horizontes sexuais. O eterno tabu do sexo anal agora &eacute; socialmente aceit&aacute;vel e praticado normalmente por milh&otilde;es de pessoas. Este lubrificante ligeiramente entorpecente foi desenvolvido para tornar mais f&aacute;cil para voc&ecirc; come&ccedil;ar a fazer sexo anal.<\/p>\n<p style=\"text-align: center;\"><iframe allow=\"autoplay; fullscreen; picture-in-picture\" allowfullscreen=\"\" frameborder=\"0\" height=\"360\" scrolling=\"no\" src=\"https:\/\/player.vimeo.com\/video\/600932351?h=e391ff8f46\" width=\"550\"><\/iframe><\/p>\n","protected":false},"excerpt":{"rendered":"<p>https:\/\/store.dreamlove.es\/productos\/imagenes\/img_154541_f0552bb950369f4a0257881ccc29b149_1.png|https:\/\/store.dreamlove.es\/productos\/imagenes\/img_154539_4efa5facc752fa41743e9f0c4bb6d548_1.png|https:\/\/store.dreamlove.es\/productos\/imagenes\/img_154540_18ac01e7c10f742fc30aa5c875d5eb9e_1.png|https:\/\/store.dreamlove.es\/productos\/imagenes\/img_154544_c3a90eeb147cbb201e17101570d253cc_1.png|https:\/\/store.dreamlove.es\/productos\/imagenes\/img_154538_dbf80da519c483cc111925e2f09797a5_1.png|https:\/\/store.dreamlove.es\/productos\/imagenes\/img_154542_ca9b4e84ac99c24bbde9f7bb104106b7_1.png|https:\/\/store.dreamlove.es\/productos\/imagenes\/img_154543_c045b2674dedffcd4570b850fcafd773_1.png<\/p>\n","protected":false},"featured_media":13775,"comment_status":"open","ping_status":"closed","template":"","meta":{"site-sidebar-layout":"default","site-content-layout":"","ast-site-content-layout":"","site-content-style":"default","site-sidebar-style":"default","ast-global-header-display":"","ast-banner-title-visibility":"","ast-main-header-display":"","ast-hfb-above-header-display":"","ast-hfb-below-header-display":"","ast-hfb-mobile-header-display":"","site-post-title":"","ast-breadcrumbs-content":"","ast-featured-img":"","footer-sml-layout":"","theme-transparent-header-meta":"","adv-header-id-meta":"","stick-header-meta":"","header-above-stick-meta":"","header-main-stick-meta":"","header-below-stick-meta":"","astra-migrate-meta-layouts":"default","ast-page-background-enabled":"default","ast-page-background-meta":{"desktop":{"background-color":"var(--ast-global-color-5)","background-image":"","background-repeat":"repeat","background-position":"center center","background-size":"auto","background-attachment":"scroll","background-type":"","background-media":"","overlay-type":"","overlay-color":"","overlay-opacity":"","overlay-gradient":""},"tablet":{"background-color":"","background-image":"","background-repeat":"repeat","background-position":"center center","background-size":"auto","background-attachment":"scroll","background-type":"","background-media":"","overlay-type":"","overlay-color":"","overlay-opacity":"","overlay-gradient":""},"mobile":{"background-color":"","background-image":"","background-repeat":"repeat","background-position":"center center","background-size":"auto","background-attachment":"scroll","background-type":"","background-media":"","overlay-type":"","overlay-color":"","overlay-opacity":"","overlay-gradient":""}},"ast-content-background-meta":{"desktop":{"background-color":"var(--ast-global-color-4)","background-image":"","background-repeat":"repeat","background-position":"center center","background-size":"auto","background-attachment":"scroll","background-type":"","background-media":"","overlay-type":"","overlay-color":"","overlay-opacity":"","overlay-gradient":""},"tablet":{"background-color":"var(--ast-global-color-4)","background-image":"","background-repeat":"repeat","background-position":"center center","background-size":"auto","background-attachment":"scroll","background-type":"","background-media":"","overlay-type":"","overlay-color":"","overlay-opacity":"","overlay-gradient":""},"mobile":{"background-color":"var(--ast-global-color-4)","background-image":"","background-repeat":"repeat","background-position":"center center","background-size":"auto","background-attachment":"scroll","background-type":"","background-media":"","overlay-type":"","overlay-color":"","overlay-opacity":"","overlay-gradient":""}}},"product_brand":[60],"product_cat":[345,352],"product_tag":[],"class_list":{"0":"post-13776","1":"product","2":"type-product","3":"status-publish","4":"has-post-thumbnail","6":"product_brand-black-hole","7":"product_cat-drogaria","8":"product_cat-lubrificantes","9":"desktop-align-left","10":"tablet-align-left","11":"mobile-align-left","13":"first","14":"instock","15":"shipping-taxable","16":"purchasable","17":"product-type-simple"},"_links":{"self":[{"href":"https:\/\/intimusdream.com\/index.php\/wp-json\/wp\/v2\/product\/13776","targetHints":{"allow":["GET"]}}],"collection":[{"href":"https:\/\/intimusdream.com\/index.php\/wp-json\/wp\/v2\/product"}],"about":[{"href":"https:\/\/intimusdream.com\/index.php\/wp-json\/wp\/v2\/types\/product"}],"replies":[{"embeddable":true,"href":"https:\/\/intimusdream.com\/index.php\/wp-json\/wp\/v2\/comments?post=13776"}],"wp:featuredmedia":[{"embeddable":true,"href":"https:\/\/intimusdream.com\/index.php\/wp-json\/wp\/v2\/media\/13775"}],"wp:attachment":[{"href":"https:\/\/intimusdream.com\/index.php\/wp-json\/wp\/v2\/media?parent=13776"}],"wp:term":[{"taxonomy":"product_brand","embeddable":true,"href":"https:\/\/intimusdream.com\/index.php\/wp-json\/wp\/v2\/product_brand?post=13776"},{"taxonomy":"product_cat","embeddable":true,"href":"https:\/\/intimusdream.com\/index.php\/wp-json\/wp\/v2\/product_cat?post=13776"},{"taxonomy":"product_tag","embeddable":true,"href":"https:\/\/intimusdream.com\/index.php\/wp-json\/wp\/v2\/product_tag?post=13776"}],"curies":[{"name":"wp","href":"https:\/\/api.w.org\/{rel}","templated":true}]}}