{"id":13778,"date":"2025-07-15T19:27:37","date_gmt":"2025-07-15T19:27:37","guid":{"rendered":"https:\/\/intimusdream.com\/index.php\/produto\/black-hole-gel-base-de-agua-dilatacao-anal-150-ml\/"},"modified":"2026-01-09T15:07:51","modified_gmt":"2026-01-09T15:07:51","slug":"black-hole-gel-base-de-agua-dilatacao-anal-150-ml","status":"publish","type":"product","link":"https:\/\/intimusdream.com\/index.php\/produto\/black-hole-gel-base-de-agua-dilatacao-anal-150-ml\/","title":{"rendered":"BLACK HOLE &#8211; GEL BASE DE \u00c1GUA DILATA\u00c7\u00c3O ANAL 150 ML"},"content":{"rendered":"<p>Black Hole, sem d&uacute;vida a melhor op&ccedil;&atilde;o, dilatador e relaxante &eacute; especialmente desenvolvido para a pr&aacute;tica do sexo anal, sendo o lubrificante dilatador por excel&ecirc;ncia. &Eacute; um lubrificante anal de alt&iacute;ssima qualidade recomendado tanto para todos aqueles que desejam iniciar-se na pr&aacute;tica do sexo anal como para usu&aacute;rios experientes. Muitos casais ficam curiosos, mas muitos n&atilde;o se atrevem a experimentar &#8230; A ideia de que pode causar dor os faz deixar de lado muitas vezes &eacute; pr&aacute;tico, sendo um dos mais agrad&aacute;veis.<\/p>\n<p>Black Hole Anal Relax foi especialmente desenvolvido para o prazer anal. Devido ao efeito ligeiramente entorpecente, o esf&iacute;ncter relaxa de forma eficaz e, assim, garante uma penetra&ccedil;&atilde;o indolor sem perda de sensibilidade. Apenas massageie suavemente no &acirc;nus, deixe agir por um curto per&iacute;odo de tempo e comece seu caso de amor anal relaxado.<\/p>\n<p>A composi&ccedil;&atilde;o especial sem graxa do lubrificante sol&uacute;vel em &aacute;gua e, portanto, facilmente lav&aacute;vel com &aacute;gua, n&atilde;o possui corantes e n&atilde;o deixa vest&iacute;gios, mesmo em momentos de paix&atilde;o. Com uma consist&ecirc;ncia suave e sedosa que deixa a pele confort&aacute;vel e com &oacute;tima cobertura, o realax Black Hole Anal &eacute; ideal para uma rela&ccedil;&atilde;o sexual satisfat&oacute;ria e despreocupada. Qualidade made in Europe!<\/p>\n<p>Caracter&iacute;sticas:<\/p>\n<ul>\n<li>Alto poder relaxante e dilatador<\/li>\n<li>Lubrificante &agrave; base de &aacute;gua<\/li>\n<li>Especial para dilata&ccedil;&otilde;es fortes (por exemplo, fisting)<\/li>\n<li>Compat&iacute;vel com preservativos<\/li>\n<li>Incolor, inodoro e ins&iacute;pido<\/li>\n<li>N&atilde;o gorduroso<\/li>\n<li>Formato: 150ml<\/li>\n<\/ul>\n<p>RELAXAMENTO ANAL BURACO NEGRO<\/p>\n<p>Fabricamos com base na experi&ecirc;ncia e na import&acirc;ncia de experimentar coisas novas e expandir seus horizontes sexuais. O tabu atemporal do sexo anal agora &eacute; socialmente aceit&aacute;vel e praticado normalmente por milh&otilde;es de pessoas. Este lubrificante levemente entorpecente foi desenvolvido para facilitar o in&iacute;cio do sexo anal.<\/p>\n<p style=\"text-align: center;\"><iframe allow=\"autoplay; fullscreen; picture-in-picture\" allowfullscreen=\"\" frameborder=\"0\" height=\"360\" scrolling=\"no\" src=\"https:\/\/player.vimeo.com\/video\/600932351?h=e391ff8f46\" width=\"550\"><\/iframe><\/p>\n","protected":false},"excerpt":{"rendered":"<p>https:\/\/store.dreamlove.es\/productos\/imagenes\/img_154524_f237ccd1a74c3ea81a2832c8d2008e79_1.png|https:\/\/store.dreamlove.es\/productos\/imagenes\/img_154525_98b2db135a1bdbe81750825aff25e08b_1.png|https:\/\/store.dreamlove.es\/productos\/imagenes\/img_154526_1867223e78db59936b152d1b00169692_1.png|https:\/\/store.dreamlove.es\/productos\/imagenes\/img_154529_fcd13a384f3985e7b2c216c04205a9a1_1.png|https:\/\/store.dreamlove.es\/productos\/imagenes\/img_154527_7f42c9e73f45c37b8a672ce7ec4e7346_1.png|https:\/\/store.dreamlove.es\/productos\/imagenes\/img_154528_b9ea1a18f43d1efe099787f95f98db63_1.png|https:\/\/store.dreamlove.es\/productos\/imagenes\/img_154530_3655ea1637056c52f42bf60f503b3eaa_1.png<\/p>\n","protected":false},"featured_media":13777,"comment_status":"open","ping_status":"closed","template":"","meta":{"site-sidebar-layout":"default","site-content-layout":"","ast-site-content-layout":"","site-content-style":"default","site-sidebar-style":"default","ast-global-header-display":"","ast-banner-title-visibility":"","ast-main-header-display":"","ast-hfb-above-header-display":"","ast-hfb-below-header-display":"","ast-hfb-mobile-header-display":"","site-post-title":"","ast-breadcrumbs-content":"","ast-featured-img":"","footer-sml-layout":"","theme-transparent-header-meta":"","adv-header-id-meta":"","stick-header-meta":"","header-above-stick-meta":"","header-main-stick-meta":"","header-below-stick-meta":"","astra-migrate-meta-layouts":"default","ast-page-background-enabled":"default","ast-page-background-meta":{"desktop":{"background-color":"var(--ast-global-color-5)","background-image":"","background-repeat":"repeat","background-position":"center center","background-size":"auto","background-attachment":"scroll","background-type":"","background-media":"","overlay-type":"","overlay-color":"","overlay-opacity":"","overlay-gradient":""},"tablet":{"background-color":"","background-image":"","background-repeat":"repeat","background-position":"center center","background-size":"auto","background-attachment":"scroll","background-type":"","background-media":"","overlay-type":"","overlay-color":"","overlay-opacity":"","overlay-gradient":""},"mobile":{"background-color":"","background-image":"","background-repeat":"repeat","background-position":"center center","background-size":"auto","background-attachment":"scroll","background-type":"","background-media":"","overlay-type":"","overlay-color":"","overlay-opacity":"","overlay-gradient":""}},"ast-content-background-meta":{"desktop":{"background-color":"var(--ast-global-color-4)","background-image":"","background-repeat":"repeat","background-position":"center center","background-size":"auto","background-attachment":"scroll","background-type":"","background-media":"","overlay-type":"","overlay-color":"","overlay-opacity":"","overlay-gradient":""},"tablet":{"background-color":"var(--ast-global-color-4)","background-image":"","background-repeat":"repeat","background-position":"center center","background-size":"auto","background-attachment":"scroll","background-type":"","background-media":"","overlay-type":"","overlay-color":"","overlay-opacity":"","overlay-gradient":""},"mobile":{"background-color":"var(--ast-global-color-4)","background-image":"","background-repeat":"repeat","background-position":"center center","background-size":"auto","background-attachment":"scroll","background-type":"","background-media":"","overlay-type":"","overlay-color":"","overlay-opacity":"","overlay-gradient":""}}},"product_brand":[60],"product_cat":[345,352],"product_tag":[],"class_list":{"0":"post-13778","1":"product","2":"type-product","3":"status-publish","4":"has-post-thumbnail","6":"product_brand-black-hole","7":"product_cat-drogaria","8":"product_cat-lubrificantes","9":"desktop-align-left","10":"tablet-align-left","11":"mobile-align-left","13":"first","14":"instock","15":"shipping-taxable","16":"purchasable","17":"product-type-simple"},"_links":{"self":[{"href":"https:\/\/intimusdream.com\/index.php\/wp-json\/wp\/v2\/product\/13778","targetHints":{"allow":["GET"]}}],"collection":[{"href":"https:\/\/intimusdream.com\/index.php\/wp-json\/wp\/v2\/product"}],"about":[{"href":"https:\/\/intimusdream.com\/index.php\/wp-json\/wp\/v2\/types\/product"}],"replies":[{"embeddable":true,"href":"https:\/\/intimusdream.com\/index.php\/wp-json\/wp\/v2\/comments?post=13778"}],"wp:featuredmedia":[{"embeddable":true,"href":"https:\/\/intimusdream.com\/index.php\/wp-json\/wp\/v2\/media\/13777"}],"wp:attachment":[{"href":"https:\/\/intimusdream.com\/index.php\/wp-json\/wp\/v2\/media?parent=13778"}],"wp:term":[{"taxonomy":"product_brand","embeddable":true,"href":"https:\/\/intimusdream.com\/index.php\/wp-json\/wp\/v2\/product_brand?post=13778"},{"taxonomy":"product_cat","embeddable":true,"href":"https:\/\/intimusdream.com\/index.php\/wp-json\/wp\/v2\/product_cat?post=13778"},{"taxonomy":"product_tag","embeddable":true,"href":"https:\/\/intimusdream.com\/index.php\/wp-json\/wp\/v2\/product_tag?post=13778"}],"curies":[{"name":"wp","href":"https:\/\/api.w.org\/{rel}","templated":true}]}}