{"id":13922,"date":"2025-07-15T19:30:14","date_gmt":"2025-07-15T19:30:14","guid":{"rendered":"https:\/\/intimusdream.com\/index.php\/produto\/durex-vibracoes-orgasmicas-intensas\/"},"modified":"2026-01-09T15:10:15","modified_gmt":"2026-01-09T15:10:15","slug":"durex-vibracoes-orgasmicas-intensas","status":"publish","type":"product","link":"https:\/\/intimusdream.com\/index.php\/produto\/durex-vibracoes-orgasmicas-intensas\/","title":{"rendered":"DUREX &#8211; VIBRA\u00c7\u00d5ES ORG\u00c1SMICAS INTENSAS"},"content":{"rendered":"<p>Aumente o prazer e a satisfa&ccedil;&atilde;o de ambos com o anel Durex Intense Orgasmic Vibrations. Uma op&ccedil;&atilde;o fant&aacute;stica para preliminares e tamb&eacute;m para sexo.<\/p>\n<ul>\n<li>Melhora o sexo e as preliminares<\/li>\n<li>At&eacute; 20 minutos de estimula&ccedil;&atilde;o vibrat&oacute;ria<\/li>\n<li>Apertado e f&aacute;cil de usar<\/li>\n<\/ul>\n<p>Mais Informa&ccedil;&otilde;es<\/p>\n<p>Aumente o prazer e a satisfa&ccedil;&atilde;o de ambos com o anel Durex Intense Orgasmic Vibrations. Uma op&ccedil;&atilde;o fant&aacute;stica para preliminares e rela&ccedil;&otilde;es sexuais<\/p>\n<ul>\n<li>Feito de materiais seguros para o corpo<\/li>\n<li>Motor especialmente concebido para vibra&ccedil;&otilde;es extremamente potentes<\/li>\n<li>Sussurro silencioso para m&aacute;xima discri&ccedil;&atilde;o e prazer ininterrupto<\/li>\n<li>Pequeno e discreto, mas com vibra&ccedil;&otilde;es poderosas<\/li>\n<\/ul>\n","protected":false},"excerpt":{"rendered":"<p>https:\/\/store.dreamlove.es\/productos\/imagenes\/img_150775_73a275229e786aab38335a583750e227_1.png|https:\/\/store.dreamlove.es\/productos\/imagenes\/img_142094_fb5f69647f809232117c70915c35aeee_1.png|https:\/\/store.dreamlove.es\/productos\/imagenes\/img_134950_c4742f1454a3ec7c10c39cb4a4ffc7bb_1.jpg|https:\/\/store.dreamlove.es\/productos\/imagenes\/img_134951_5ff79cb2671cdb2237fa5ef9d4391bb2_1.jpg<\/p>\n","protected":false},"featured_media":13921,"comment_status":"open","ping_status":"closed","template":"","meta":{"site-sidebar-layout":"default","site-content-layout":"","ast-site-content-layout":"","site-content-style":"default","site-sidebar-style":"default","ast-global-header-display":"","ast-banner-title-visibility":"","ast-main-header-display":"","ast-hfb-above-header-display":"","ast-hfb-below-header-display":"","ast-hfb-mobile-header-display":"","site-post-title":"","ast-breadcrumbs-content":"","ast-featured-img":"","footer-sml-layout":"","theme-transparent-header-meta":"","adv-header-id-meta":"","stick-header-meta":"","header-above-stick-meta":"","header-main-stick-meta":"","header-below-stick-meta":"","astra-migrate-meta-layouts":"default","ast-page-background-enabled":"default","ast-page-background-meta":{"desktop":{"background-color":"var(--ast-global-color-5)","background-image":"","background-repeat":"repeat","background-position":"center center","background-size":"auto","background-attachment":"scroll","background-type":"","background-media":"","overlay-type":"","overlay-color":"","overlay-opacity":"","overlay-gradient":""},"tablet":{"background-color":"","background-image":"","background-repeat":"repeat","background-position":"center center","background-size":"auto","background-attachment":"scroll","background-type":"","background-media":"","overlay-type":"","overlay-color":"","overlay-opacity":"","overlay-gradient":""},"mobile":{"background-color":"","background-image":"","background-repeat":"repeat","background-position":"center center","background-size":"auto","background-attachment":"scroll","background-type":"","background-media":"","overlay-type":"","overlay-color":"","overlay-opacity":"","overlay-gradient":""}},"ast-content-background-meta":{"desktop":{"background-color":"var(--ast-global-color-4)","background-image":"","background-repeat":"repeat","background-position":"center center","background-size":"auto","background-attachment":"scroll","background-type":"","background-media":"","overlay-type":"","overlay-color":"","overlay-opacity":"","overlay-gradient":""},"tablet":{"background-color":"var(--ast-global-color-4)","background-image":"","background-repeat":"repeat","background-position":"center center","background-size":"auto","background-attachment":"scroll","background-type":"","background-media":"","overlay-type":"","overlay-color":"","overlay-opacity":"","overlay-gradient":""},"mobile":{"background-color":"var(--ast-global-color-4)","background-image":"","background-repeat":"repeat","background-position":"center center","background-size":"auto","background-attachment":"scroll","background-type":"","background-media":"","overlay-type":"","overlay-color":"","overlay-opacity":"","overlay-gradient":""}}},"product_brand":[67],"product_cat":[384],"product_tag":[],"class_list":{"0":"post-13922","1":"product","2":"type-product","3":"status-publish","4":"has-post-thumbnail","6":"product_brand-durex-toys","7":"product_cat-brinquedos-sexuais-para-homens-2","8":"desktop-align-left","9":"tablet-align-left","10":"mobile-align-left","12":"first","13":"instock","14":"shipping-taxable","15":"purchasable","16":"product-type-simple"},"_links":{"self":[{"href":"https:\/\/intimusdream.com\/index.php\/wp-json\/wp\/v2\/product\/13922","targetHints":{"allow":["GET"]}}],"collection":[{"href":"https:\/\/intimusdream.com\/index.php\/wp-json\/wp\/v2\/product"}],"about":[{"href":"https:\/\/intimusdream.com\/index.php\/wp-json\/wp\/v2\/types\/product"}],"replies":[{"embeddable":true,"href":"https:\/\/intimusdream.com\/index.php\/wp-json\/wp\/v2\/comments?post=13922"}],"wp:featuredmedia":[{"embeddable":true,"href":"https:\/\/intimusdream.com\/index.php\/wp-json\/wp\/v2\/media\/13921"}],"wp:attachment":[{"href":"https:\/\/intimusdream.com\/index.php\/wp-json\/wp\/v2\/media?parent=13922"}],"wp:term":[{"taxonomy":"product_brand","embeddable":true,"href":"https:\/\/intimusdream.com\/index.php\/wp-json\/wp\/v2\/product_brand?post=13922"},{"taxonomy":"product_cat","embeddable":true,"href":"https:\/\/intimusdream.com\/index.php\/wp-json\/wp\/v2\/product_cat?post=13922"},{"taxonomy":"product_tag","embeddable":true,"href":"https:\/\/intimusdream.com\/index.php\/wp-json\/wp\/v2\/product_tag?post=13922"}],"curies":[{"name":"wp","href":"https:\/\/api.w.org\/{rel}","templated":true}]}}