{"id":14268,"date":"2025-07-15T19:32:30","date_gmt":"2025-07-15T19:32:30","guid":{"rendered":"https:\/\/intimusdream.com\/index.php\/produto\/eros-art-oleo-intimo-estimulante-pompeia-feminina\/"},"modified":"2026-01-09T15:08:49","modified_gmt":"2026-01-09T15:08:49","slug":"eros-art-oleo-intimo-estimulante-pompeia-feminina","status":"publish","type":"product","link":"https:\/\/intimusdream.com\/index.php\/produto\/eros-art-oleo-intimo-estimulante-pompeia-feminina\/","title":{"rendered":"EROS-ART &#8211; \u00d3LEO \u00cdNTIMO ESTIMULANTE POMP\u00c9IA FEMININA"},"content":{"rendered":"<p>&Eacute; um &oacute;leo &iacute;ntimo natural para mulheres, &eacute; deslizante, lubrificante, muito sensual, ativa a paix&atilde;o, proporciona sensibilidade e consegue ser um verdadeiro prazer para os sentidos, melhorando significativamente as rela&ccedil;&otilde;es &iacute;ntimas que as tornam mais agrad&aacute;veis, sensuais e prazerosas.<\/p>\n<p> &Eacute; um cosm&eacute;tico natural, muito ativo e inteligente, composto por &oacute;leos essenciais para a prote&ccedil;&atilde;o e higiene &iacute;ntima da mulher.<\/p>\n<p> A sua formula&ccedil;&atilde;o de sucesso confere aos seus componentes (de acordo com v&aacute;rios tratados cient&iacute;ficos) propriedades de hidrata&ccedil;&atilde;o, prote&ccedil;&atilde;o, lubrifica&ccedil;&atilde;o, redu&ccedil;&atilde;o de inconvenientes e efeitos indesejados como: secura na menopausa feminina; alergias, irrita&ccedil;&atilde;o, coceira, etc.<\/p>\n<p> &Oacute;leo &iacute;ntimo de Pompeya &quot;Orgofem&quot; tamb&eacute;m proporciona maciez, elasticidade, suavidade, satisfa&ccedil;&atilde;o e bem-estar da &aacute;rea &iacute;ntima. O &oacute;leo de Pompeya n&atilde;o tem contra-indica&ccedil;&otilde;es e cobre as necessidades de prote&ccedil;&atilde;o e higiene &iacute;ntima da mulher.<\/p>\n<p> O &oacute;leo de Pompeya foi criado com o objetivo de minimizar o desconforto e inc&ocirc;modo que as mulheres sofrem diariamente na sua &aacute;rea &iacute;ntima, seja por roupas inadequadas, absorventes, odores durante a menstrua&ccedil;&atilde;o, ressecamento durante a menopausa ou qualquer altera&ccedil;&atilde;o &iacute;ntima.<\/p>\n<p> Modo de usar: Qualquer mulher e qualquer idade pode aplic&aacute;-lo nas &aacute;reas &iacute;ntimas e perineais, antes e depois das rela&ccedil;&otilde;es &iacute;ntimas; Al&eacute;m de ser um &oacute;leo &iacute;ntimo de prazer, tem se mostrado muito eficaz em todos os sintomas (coceira, ardor, ressecamento, odor, etc.). Tamb&eacute;m &eacute; um excelente controle deslizante.<\/p>\n<p> A sua a&ccedil;&atilde;o &eacute; r&aacute;pida, pode ser aplicado v&aacute;rias vezes ao dia na zona afetada e quase de imediato obt&eacute;m-se uma sensa&ccedil;&atilde;o extremamente agrad&aacute;vel.<\/p>\n<ul>\n<li> Apresenta&ccedil;&atilde;o: &Eacute; elegante, pr&aacute;tico e confort&aacute;vel, com dispensador doseador de 50 ml.<\/li>\n<li> Produto adequado para veganos.<\/li>\n<li> Produto livre de parabenos e parafinas.<\/li>\n<\/ul>\n<p> Composi&ccedil;&atilde;o do Oleum Intimo POMPEYA Ingredientes:<\/p>\n<p> &Oacute;leo de germe de Triticum vulgare, flor de Chamomilla recutita, &oacute;leo de Cocos nucifera, isopropil<br \/> miristato, flor de Calendula officinalis, fragr&acirc;ncia, &oacute;leo de semente de Prunus persica, Persea<br \/> &oacute;leo gratissima, &oacute;leo de Glycine max, &oacute;leo de folha de Malaleuca alternifolia, tocoferol, BHT, BHA<\/p>\n<p> Propriedades dos componentes:<\/p>\n<p> <strong>&#8211; Flor de Calendula officinalis<\/strong> : Tamb&eacute;m conhecida como &quot;Maravilha&quot;. Com propriedades<br \/> antiinflamat&oacute;rio e anti-s&eacute;ptico, &eacute; o principal ingrediente das lo&ccedil;&otilde;es cosm&eacute;ticas.<br \/> O uso mais difundido, que j&aacute; era conhecido no Antigo Egito, &eacute; como rem&eacute;dio para<br \/> v&aacute;rias condi&ccedil;&otilde;es da pele e como hidratante da pele.<\/p>\n<p> <strong>-&Oacute;leo de g&eacute;rmen de Triticum vulgare:<\/strong> Seu conte&uacute;do de vitamina E na forma de &alpha;-Tocoferol<br \/> &Eacute; um dos mais altos entre os &oacute;leos vegetais. Esta circunst&acirc;ncia d&aacute; um grande<br \/> poder antioxidante celular e anti-radicais livres. &Eacute; recomendado para peles maduras,<br \/> seco e com problemas de fluxo sangu&iacute;neo, e muito bom para cuidar de cicatrizes.<br \/> Tamb&eacute;m cont&eacute;m vitaminas A, B, D, E e K e mais de 60% de &aacute;cidos lip&iacute;dicos.<br \/> poliinsaturados (especialmente &aacute;cido linol&eacute;ico). O &oacute;leo de g&eacute;rmen de trigo &eacute; capaz de<br \/> prevenir o envelhecimento prematuro da pele.<\/p>\n<p> &#8211; <strong>Flor Chamomilla recutita<\/strong> : O &oacute;leo essencial &eacute; rico em camazuleno, &aacute;cido t&iacute;glico e<br \/> v&aacute;rios sesquiterpenos; Tamb&eacute;m cont&eacute;m &aacute;cido ant&ecirc;mico, atesterol, antemena e taninos.<br \/> Devido aos seus elementos e flavon&oacute;ides, possui propriedades descongestionantes e suavizantes,<br \/> estabiliza a pele e, al&eacute;m disso, exerce a&ccedil;&atilde;o calmante e suavizante sobre a<br \/> finais sens&iacute;veis.<\/p>\n<p> <strong>&#8211; &Oacute;leo de Cocos nucifera:<\/strong> tornou-se um dos reis da cosm&eacute;tica natural em<br \/> em parte devido ao seu alto teor de vitamina E e K, que o tornam um poderoso<br \/> aliado quando se trata de melhorar o estado da nossa pele. Al&eacute;m disso, este &oacute;leo est&aacute; cheio<br \/> de &aacute;cidos graxos ideais para hidrata&ccedil;&atilde;o, tornando-se um &oacute;timo rem&eacute;dio<br \/> natural quando se trata de combater a pele seca.<\/p>\n<p> <strong>-&Oacute;leo de caro&ccedil;o de Prunus persica<\/strong> : O p&ecirc;ssego, Prunus persica, vem de uma &aacute;rvore que<br \/> Foi originalmente cultivado na China e na &Aacute;sia.<\/p>\n<p> O &oacute;leo de p&ecirc;ssego penetra facilmente na epiderme, proporcionando hidrata&ccedil;&atilde;o profunda e um efeito suavizante vis&iacute;vel, gra&ccedil;as &agrave; vitamina E que cont&eacute;m.<\/p>\n<p> Al&eacute;m de proporcionar propriedades suavizantes e flex&iacute;veis, gra&ccedil;as &agrave;s suas propriedades<br \/> regenerando, retarda os efeitos do envelhecimento.<\/p>\n<p> <strong>&#8211; &Oacute;leo de Persea gratissima<\/strong> : &Eacute; rapidamente absorvido pela pele, dando consist&ecirc;ncia ao<br \/> emuls&atilde;o, suaviza e regenera a pele, pode ser usada em peles danificadas, secas e sens&iacute;veis. Muito bom para<br \/> o tratamento de eritema e irrita&ccedil;&otilde;es.<\/p>\n<p> &Oacute;leo de folha de Malaleuca alternifolia: &Eacute; reconhecido mundialmente como um dos melhores<br \/> anti-s&eacute;pticos, fungicidas e sedativos naturais existentes<\/p><\/p>\n","protected":false},"excerpt":{"rendered":"<p>https:\/\/store.dreamlove.es\/productos\/imagenes\/img_20445_89002835978cad4566816c4e09a70e06_1.jpg<\/p>\n","protected":false},"featured_media":14267,"comment_status":"open","ping_status":"closed","template":"","meta":{"site-sidebar-layout":"default","site-content-layout":"","ast-site-content-layout":"","site-content-style":"default","site-sidebar-style":"default","ast-global-header-display":"","ast-banner-title-visibility":"","ast-main-header-display":"","ast-hfb-above-header-display":"","ast-hfb-below-header-display":"","ast-hfb-mobile-header-display":"","site-post-title":"","ast-breadcrumbs-content":"","ast-featured-img":"","footer-sml-layout":"","theme-transparent-header-meta":"","adv-header-id-meta":"","stick-header-meta":"","header-above-stick-meta":"","header-main-stick-meta":"","header-below-stick-meta":"","astra-migrate-meta-layouts":"default","ast-page-background-enabled":"default","ast-page-background-meta":{"desktop":{"background-color":"var(--ast-global-color-5)","background-image":"","background-repeat":"repeat","background-position":"center center","background-size":"auto","background-attachment":"scroll","background-type":"","background-media":"","overlay-type":"","overlay-color":"","overlay-opacity":"","overlay-gradient":""},"tablet":{"background-color":"","background-image":"","background-repeat":"repeat","background-position":"center center","background-size":"auto","background-attachment":"scroll","background-type":"","background-media":"","overlay-type":"","overlay-color":"","overlay-opacity":"","overlay-gradient":""},"mobile":{"background-color":"","background-image":"","background-repeat":"repeat","background-position":"center center","background-size":"auto","background-attachment":"scroll","background-type":"","background-media":"","overlay-type":"","overlay-color":"","overlay-opacity":"","overlay-gradient":""}},"ast-content-background-meta":{"desktop":{"background-color":"var(--ast-global-color-4)","background-image":"","background-repeat":"repeat","background-position":"center center","background-size":"auto","background-attachment":"scroll","background-type":"","background-media":"","overlay-type":"","overlay-color":"","overlay-opacity":"","overlay-gradient":""},"tablet":{"background-color":"var(--ast-global-color-4)","background-image":"","background-repeat":"repeat","background-position":"center center","background-size":"auto","background-attachment":"scroll","background-type":"","background-media":"","overlay-type":"","overlay-color":"","overlay-opacity":"","overlay-gradient":""},"mobile":{"background-color":"var(--ast-global-color-4)","background-image":"","background-repeat":"repeat","background-position":"center center","background-size":"auto","background-attachment":"scroll","background-type":"","background-media":"","overlay-type":"","overlay-color":"","overlay-opacity":"","overlay-gradient":""}}},"product_brand":[76],"product_cat":[345,354,419],"product_tag":[],"class_list":{"0":"post-14268","1":"product","2":"type-product","3":"status-publish","4":"has-post-thumbnail","6":"product_brand-eros-art","7":"product_cat-drogaria","8":"product_cat-estimulantes-para-mulheres","9":"product_cat-outlet","10":"desktop-align-left","11":"tablet-align-left","12":"mobile-align-left","14":"first","15":"instock","16":"shipping-taxable","17":"purchasable","18":"product-type-simple"},"_links":{"self":[{"href":"https:\/\/intimusdream.com\/index.php\/wp-json\/wp\/v2\/product\/14268","targetHints":{"allow":["GET"]}}],"collection":[{"href":"https:\/\/intimusdream.com\/index.php\/wp-json\/wp\/v2\/product"}],"about":[{"href":"https:\/\/intimusdream.com\/index.php\/wp-json\/wp\/v2\/types\/product"}],"replies":[{"embeddable":true,"href":"https:\/\/intimusdream.com\/index.php\/wp-json\/wp\/v2\/comments?post=14268"}],"wp:featuredmedia":[{"embeddable":true,"href":"https:\/\/intimusdream.com\/index.php\/wp-json\/wp\/v2\/media\/14267"}],"wp:attachment":[{"href":"https:\/\/intimusdream.com\/index.php\/wp-json\/wp\/v2\/media?parent=14268"}],"wp:term":[{"taxonomy":"product_brand","embeddable":true,"href":"https:\/\/intimusdream.com\/index.php\/wp-json\/wp\/v2\/product_brand?post=14268"},{"taxonomy":"product_cat","embeddable":true,"href":"https:\/\/intimusdream.com\/index.php\/wp-json\/wp\/v2\/product_cat?post=14268"},{"taxonomy":"product_tag","embeddable":true,"href":"https:\/\/intimusdream.com\/index.php\/wp-json\/wp\/v2\/product_tag?post=14268"}],"curies":[{"name":"wp","href":"https:\/\/api.w.org\/{rel}","templated":true}]}}