{"id":14284,"date":"2025-07-15T19:32:46","date_gmt":"2025-07-15T19:32:46","guid":{"rendered":"https:\/\/intimusdream.com\/index.php\/produto\/intense-airon-20-velocidades-silicone-lilac\/"},"modified":"2026-01-09T15:11:35","modified_gmt":"2026-01-09T15:11:35","slug":"intense-airon-20-velocidades-silicone-lilac","status":"publish","type":"product","link":"https:\/\/intimusdream.com\/index.php\/produto\/intense-airon-20-velocidades-silicone-lilac\/","title":{"rendered":"INTENSE &#8211; AIRON 20 VELOCIDADES SILICONE LILAC"},"content":{"rendered":"<p>Intensifique o seu prazer com os brinquedos Intese, um conceito cl\u00e1ssico que nem todos conseguem fazer. Procurar e encontrar, essa \u00e9 a filosofia dos brinquedos Intense porque gra\u00e7as ao silicone macio e sedoso de grau m\u00e9dico, ao seu formato elegante e discreto, procure o seu lugar exato em qualquer lugar, \u00e9 um vibrador essencial na cole\u00e7\u00e3o de uma mulher moderna em Busca de prazer desestressante com um brinquedo confi\u00e1vel que silenciosamente proporciona sensa\u00e7\u00f5es em qualquer lugar.<\/p>\n<ul>\n<li>silicone de grau m\u00e9dico<\/li>\n<li>Flex\u00edvel<\/li>\n<li>Sem falato<\/li>\n<li>Medidas; 3,5x18cm<\/li>\n<li>Ergon\u00f4mico<\/li>\n<li>\u00c0 prova d&#8217;\u00e1gua.<\/li>\n<li>20 modos de vibra\u00e7\u00e3o<\/li>\n<li>Requer 1 bateria AA n\u00e3o inclu\u00edda.<\/li>\n<\/ul>\n<p>Recomenda-se usar lubrificante \u00e0 base de \u00e1gua waterfeeel e limpar ap\u00f3s o uso com o limpador de brinquedos waterfeeel.<\/p>\n","protected":false},"excerpt":{"rendered":"<p>https:\/\/store.dreamlove.es\/productos\/imagenes\/img_143823_3da54839e4aeb58c06d5ee6e29631367_1.png|https:\/\/store.dreamlove.es\/productos\/imagenes\/img_78457_9a119c8decda99e1eb6cc78f157503e2_1.png|https:\/\/store.dreamlove.es\/productos\/imagenes\/img_143836_4f3ab724fde02ac22d99249af748f830_1.png|https:\/\/store.dreamlove.es\/productos\/imagenes\/img_135229_8e37fbfccb6aff6f2349775039d35030_1.png<\/p>\n","protected":false},"featured_media":14283,"comment_status":"open","ping_status":"closed","template":"","meta":{"site-sidebar-layout":"default","site-content-layout":"","ast-site-content-layout":"default","site-content-style":"default","site-sidebar-style":"default","ast-global-header-display":"","ast-banner-title-visibility":"","ast-main-header-display":"","ast-hfb-above-header-display":"","ast-hfb-below-header-display":"","ast-hfb-mobile-header-display":"","site-post-title":"","ast-breadcrumbs-content":"","ast-featured-img":"","footer-sml-layout":"","theme-transparent-header-meta":"default","adv-header-id-meta":"","stick-header-meta":"","header-above-stick-meta":"","header-main-stick-meta":"","header-below-stick-meta":"","astra-migrate-meta-layouts":"set","ast-page-background-enabled":"default","ast-page-background-meta":{"desktop":{"background-color":"var(--ast-global-color-5)","background-image":"","background-repeat":"repeat","background-position":"center center","background-size":"auto","background-attachment":"scroll","background-type":"","background-media":"","overlay-type":"","overlay-color":"","overlay-opacity":"","overlay-gradient":""},"tablet":{"background-color":"","background-image":"","background-repeat":"repeat","background-position":"center center","background-size":"auto","background-attachment":"scroll","background-type":"","background-media":"","overlay-type":"","overlay-color":"","overlay-opacity":"","overlay-gradient":""},"mobile":{"background-color":"","background-image":"","background-repeat":"repeat","background-position":"center center","background-size":"auto","background-attachment":"scroll","background-type":"","background-media":"","overlay-type":"","overlay-color":"","overlay-opacity":"","overlay-gradient":""}},"ast-content-background-meta":{"desktop":{"background-color":"var(--ast-global-color-4)","background-image":"","background-repeat":"repeat","background-position":"center center","background-size":"auto","background-attachment":"scroll","background-type":"","background-media":"","overlay-type":"","overlay-color":"","overlay-opacity":"","overlay-gradient":""},"tablet":{"background-color":"var(--ast-global-color-4)","background-image":"","background-repeat":"repeat","background-position":"center center","background-size":"auto","background-attachment":"scroll","background-type":"","background-media":"","overlay-type":"","overlay-color":"","overlay-opacity":"","overlay-gradient":""},"mobile":{"background-color":"var(--ast-global-color-4)","background-image":"","background-repeat":"repeat","background-position":"center center","background-size":"auto","background-attachment":"scroll","background-type":"","background-media":"","overlay-type":"","overlay-color":"","overlay-opacity":"","overlay-gradient":""}}},"product_brand":[77],"product_cat":[346,368],"product_tag":[],"class_list":{"0":"post-14284","1":"product","2":"type-product","3":"status-publish","4":"has-post-thumbnail","6":"product_brand-intense-fun","7":"product_cat-brinquedos-de-bem-estar-sexual","8":"product_cat-vibradores","9":"desktop-align-left","10":"tablet-align-left","11":"mobile-align-left","13":"first","14":"instock","15":"featured","16":"shipping-taxable","17":"purchasable","18":"product-type-simple"},"_links":{"self":[{"href":"https:\/\/intimusdream.com\/index.php\/wp-json\/wp\/v2\/product\/14284","targetHints":{"allow":["GET"]}}],"collection":[{"href":"https:\/\/intimusdream.com\/index.php\/wp-json\/wp\/v2\/product"}],"about":[{"href":"https:\/\/intimusdream.com\/index.php\/wp-json\/wp\/v2\/types\/product"}],"replies":[{"embeddable":true,"href":"https:\/\/intimusdream.com\/index.php\/wp-json\/wp\/v2\/comments?post=14284"}],"wp:featuredmedia":[{"embeddable":true,"href":"https:\/\/intimusdream.com\/index.php\/wp-json\/wp\/v2\/media\/14283"}],"wp:attachment":[{"href":"https:\/\/intimusdream.com\/index.php\/wp-json\/wp\/v2\/media?parent=14284"}],"wp:term":[{"taxonomy":"product_brand","embeddable":true,"href":"https:\/\/intimusdream.com\/index.php\/wp-json\/wp\/v2\/product_brand?post=14284"},{"taxonomy":"product_cat","embeddable":true,"href":"https:\/\/intimusdream.com\/index.php\/wp-json\/wp\/v2\/product_cat?post=14284"},{"taxonomy":"product_tag","embeddable":true,"href":"https:\/\/intimusdream.com\/index.php\/wp-json\/wp\/v2\/product_tag?post=14284"}],"curies":[{"name":"wp","href":"https:\/\/api.w.org\/{rel}","templated":true}]}}