{"id":14336,"date":"2025-07-15T19:33:53","date_gmt":"2025-07-15T19:33:53","guid":{"rendered":"https:\/\/intimusdream.com\/index.php\/produto\/intense-becky-vibrador-19-cm-aquecivel-7-vibracoes-roxo\/"},"modified":"2025-11-17T08:27:52","modified_gmt":"2025-11-17T08:27:52","slug":"intense-becky-vibrador-19-cm-aquecivel-7-vibracoes-roxo","status":"publish","type":"product","link":"https:\/\/intimusdream.com\/index.php\/produto\/intense-becky-vibrador-19-cm-aquecivel-7-vibracoes-roxo\/","title":{"rendered":"INTENSE &#8211; BECKY VIBRADOR 19 CM AQUEC\u00cdVEL 7 VIBRA\u00c7\u00d5ES ROXO"},"content":{"rendered":"<p><strong>BECKY<\/strong> &eacute; o vibrador que leva o prazer a novos patamares, combinando um tamanho ideal de 19 cm com a inovadora fun&ccedil;&atilde;o de aquecimento. Sua capacidade de atingir uma temperatura confort&aacute;vel, juntamente com seus 7 modos de vibra&ccedil;&atilde;o, oferece uma experi&ecirc;ncia intensa e prazerosa. Ideal para quem busca estimula&ccedil;&atilde;o realista e confort&aacute;vel, BECKY oferece sensa&ccedil;&otilde;es que simulam penetra&ccedil;&atilde;o quente, para um prazer mais envolvente.<\/p>\n<p>&nbsp;<\/p>\n<p><u><strong>CARACTER&Iacute;STICAS<\/strong><\/u> :<\/p>\n<ul>\n<li><strong>Vibrador de 19 cm de comprimento<\/strong> , perfeito para quem prefere uma estimula&ccedil;&atilde;o profunda e completa.<\/li>\n<li><strong>Fun&ccedil;&atilde;o de aquecimento<\/strong> , que permite que o vibrador atinja uma temperatura quente para simular uma experi&ecirc;ncia mais realista e prazerosa, aumentando a sensa&ccedil;&atilde;o de conforto e prazer durante o uso.<\/li>\n<li><strong>7 modos de vibra&ccedil;&atilde;o<\/strong> , incluindo diferentes intensidades e padr&otilde;es para personalizar sua experi&ecirc;ncia de acordo com seus desejos e necessidades.<\/li>\n<li><strong>Silicone de alta qualidade, grau m&eacute;dico<\/strong> , macio, hipoalerg&ecirc;nico e seguro para o corpo, proporcionando uma sensa&ccedil;&atilde;o confort&aacute;vel e agrad&aacute;vel em contato com a pele.<\/li>\n<li><strong>Motor potente e silencioso<\/strong> , proporcionando estimula&ccedil;&atilde;o intensa e profunda sem gerar ru&iacute;dos inc&ocirc;modos, ideal para uma experi&ecirc;ncia &iacute;ntima e discreta.<\/li>\n<li><strong>&Agrave; prova d&#39;&aacute;gua (IPX7)<\/strong> , permitindo que voc&ecirc; o use no chuveiro ou na banheira para maior versatilidade e conforto. Tamb&eacute;m recarreg&aacute;vel via USB, para maior conforto e durabilidade.<\/li>\n<\/ul>\n<p>&nbsp;<\/p>\n<p><strong>Por que escolher BECKY?<\/strong><br \/>BECKY &eacute; perfeito para quem quer experimentar uma estimula&ccedil;&atilde;o mais realista e quente, com a vantagem de seus 7 modos de vibra&ccedil;&atilde;o que permitem adaptar a experi&ecirc;ncia &agrave;s suas prefer&ecirc;ncias. A fun&ccedil;&atilde;o de aquecimento aumenta o prazer, proporcionando uma sensa&ccedil;&atilde;o mais pr&oacute;xima da de uma penetra&ccedil;&atilde;o natural.<\/p>\n<p>Desfrute de uma experi&ecirc;ncia completa de prazer com <strong>BECKY by INTENSE<\/strong> , o vibrador que transforma cada momento &iacute;ntimo em uma experi&ecirc;ncia quente, profunda e satisfat&oacute;ria. Voc&ecirc; est&aacute; pronto para experimentar a combina&ccedil;&atilde;o perfeita de temperatura e vibra&ccedil;&atilde;o?<\/p>\n","protected":false},"excerpt":{"rendered":"<p>https:\/\/store.dreamlove.es\/productos\/imagenes\/img_195648_494028ba1771d3170f68128fabd4d352_1.png|https:\/\/store.dreamlove.es\/productos\/imagenes\/img_195645_e5b87f7c162da9c81703d4325846d231_1.png|https:\/\/store.dreamlove.es\/productos\/imagenes\/img_195646_ee76b7f295394520ad7efbbf6e1ac136_1.png|https:\/\/store.dreamlove.es\/productos\/imagenes\/img_195644_772b7130cd6f354ac08046fb7a036d8a_1.png|https:\/\/store.dreamlove.es\/productos\/imagenes\/img_195643_a992a5a5ed2ec7e9743b7990f7012959_1.png|https:\/\/store.dreamlove.es\/productos\/imagenes\/img_195647_8938434bd4c695292dd2586be944eda9_1.png<\/p>\n","protected":false},"featured_media":14335,"comment_status":"open","ping_status":"closed","template":"","meta":{"site-sidebar-layout":"default","site-content-layout":"","ast-site-content-layout":"","site-content-style":"default","site-sidebar-style":"default","ast-global-header-display":"","ast-banner-title-visibility":"","ast-main-header-display":"","ast-hfb-above-header-display":"","ast-hfb-below-header-display":"","ast-hfb-mobile-header-display":"","site-post-title":"","ast-breadcrumbs-content":"","ast-featured-img":"","footer-sml-layout":"","theme-transparent-header-meta":"","adv-header-id-meta":"","stick-header-meta":"","header-above-stick-meta":"","header-main-stick-meta":"","header-below-stick-meta":"","astra-migrate-meta-layouts":"default","ast-page-background-enabled":"default","ast-page-background-meta":{"desktop":{"background-color":"var(--ast-global-color-5)","background-image":"","background-repeat":"repeat","background-position":"center center","background-size":"auto","background-attachment":"scroll","background-type":"","background-media":"","overlay-type":"","overlay-color":"","overlay-opacity":"","overlay-gradient":""},"tablet":{"background-color":"","background-image":"","background-repeat":"repeat","background-position":"center center","background-size":"auto","background-attachment":"scroll","background-type":"","background-media":"","overlay-type":"","overlay-color":"","overlay-opacity":"","overlay-gradient":""},"mobile":{"background-color":"","background-image":"","background-repeat":"repeat","background-position":"center center","background-size":"auto","background-attachment":"scroll","background-type":"","background-media":"","overlay-type":"","overlay-color":"","overlay-opacity":"","overlay-gradient":""}},"ast-content-background-meta":{"desktop":{"background-color":"var(--ast-global-color-4)","background-image":"","background-repeat":"repeat","background-position":"center center","background-size":"auto","background-attachment":"scroll","background-type":"","background-media":"","overlay-type":"","overlay-color":"","overlay-opacity":"","overlay-gradient":""},"tablet":{"background-color":"var(--ast-global-color-4)","background-image":"","background-repeat":"repeat","background-position":"center center","background-size":"auto","background-attachment":"scroll","background-type":"","background-media":"","overlay-type":"","overlay-color":"","overlay-opacity":"","overlay-gradient":""},"mobile":{"background-color":"var(--ast-global-color-4)","background-image":"","background-repeat":"repeat","background-position":"center center","background-size":"auto","background-attachment":"scroll","background-type":"","background-media":"","overlay-type":"","overlay-color":"","overlay-opacity":"","overlay-gradient":""}}},"product_brand":[77],"product_cat":[346,368],"product_tag":[],"class_list":{"0":"post-14336","1":"product","2":"type-product","3":"status-publish","4":"has-post-thumbnail","6":"product_brand-intense-fun","7":"product_cat-brinquedos-de-bem-estar-sexual","8":"product_cat-vibradores","9":"desktop-align-left","10":"tablet-align-left","11":"mobile-align-left","13":"first","14":"outofstock","15":"shipping-taxable","16":"purchasable","17":"product-type-simple"},"_links":{"self":[{"href":"https:\/\/intimusdream.com\/index.php\/wp-json\/wp\/v2\/product\/14336","targetHints":{"allow":["GET"]}}],"collection":[{"href":"https:\/\/intimusdream.com\/index.php\/wp-json\/wp\/v2\/product"}],"about":[{"href":"https:\/\/intimusdream.com\/index.php\/wp-json\/wp\/v2\/types\/product"}],"replies":[{"embeddable":true,"href":"https:\/\/intimusdream.com\/index.php\/wp-json\/wp\/v2\/comments?post=14336"}],"wp:featuredmedia":[{"embeddable":true,"href":"https:\/\/intimusdream.com\/index.php\/wp-json\/wp\/v2\/media\/14335"}],"wp:attachment":[{"href":"https:\/\/intimusdream.com\/index.php\/wp-json\/wp\/v2\/media?parent=14336"}],"wp:term":[{"taxonomy":"product_brand","embeddable":true,"href":"https:\/\/intimusdream.com\/index.php\/wp-json\/wp\/v2\/product_brand?post=14336"},{"taxonomy":"product_cat","embeddable":true,"href":"https:\/\/intimusdream.com\/index.php\/wp-json\/wp\/v2\/product_cat?post=14336"},{"taxonomy":"product_tag","embeddable":true,"href":"https:\/\/intimusdream.com\/index.php\/wp-json\/wp\/v2\/product_tag?post=14336"}],"curies":[{"name":"wp","href":"https:\/\/api.w.org\/{rel}","templated":true}]}}