{"id":15150,"date":"2025-07-15T19:44:43","date_gmt":"2025-07-15T19:44:43","guid":{"rendered":"https:\/\/intimusdream.com\/index.php\/produto\/kiiroo-keon-combo-set-por-kiiroo-feel-stroker-preto\/"},"modified":"2025-10-13T19:32:37","modified_gmt":"2025-10-13T19:32:37","slug":"kiiroo-keon-combo-set-por-kiiroo-feel-stroker-preto","status":"publish","type":"product","link":"https:\/\/intimusdream.com\/index.php\/produto\/kiiroo-keon-combo-set-por-kiiroo-feel-stroker-preto\/","title":{"rendered":"KIIROO &#8211; KEON COMBO SET POR KIIROO + FEEL STROKER PRETO"},"content":{"rendered":"<div>\n<p><span style=\"font-size: 13px;\">O que \u00e9 <strong>Keon da Kiiroo<\/strong> ?<\/span><\/p>\n<p> <span style=\"font-size: 13px;\">Experimente uma nova era de prazer interativo com <strong>o Keon da Kiiroo<\/strong> , o masturbador autom\u00e1tico mais avan\u00e7ado dispon\u00edvel hoje.<\/span><\/p>\n<p> <span style=\"font-size: 13px;\">Combinando tecnologia de ponta com um design compacto e elegante, o Keon oferece o m\u00e1ximo em prazer automatizado.<\/span><\/p>\n<p> <span style=\"font-size: 13px;\">Seu formato ergon\u00f4mico e controle de pegada intuitivo foram projetados para melhorar sua experi\u00eancia de in\u00fameras maneiras, permitindo que voc\u00ea explore suas fantasias livremente e sem limites.<\/span><\/p>\n<p> <strong><span style=\"font-size: 13px;\">USO COM CONTE\u00daDO ADULTO<\/span><\/strong><\/p>\n<p> <span style=\"font-size: 13px;\">Combine o Keon da Kiiroo com seu conte\u00fado adulto favorito usando o FeelMe AI (www.FeelMe.com) para experimentar conte\u00fado adulto em 2D e VR espelhado em tempo real no seu dispositivo. Voc\u00ea tamb\u00e9m pode se conectar a webcams interativas. O FeelMe AI oferece suporte a mais de 200 sites adultos.<\/span><\/p>\n<p> <strong><span style=\"font-size: 13px;\">USE COM UM PARCEIRO<\/span><\/strong><\/p>\n<p> <span style=\"font-size: 13px;\">Conecte o Keon da Kiiroo ao dispositivo do seu parceiro usando o aplicativo FeelConnect. Sinta os movimentos deles replicados em tempo real, relaxe e aproveite.<\/span><\/p>\n<\/p>\n<p> <span style=\"font-size: 13px;\"><strong>ESTA CAIXA CONT\u00c9M<\/strong> :<\/span><\/p>\n<p> <span style=\"font-size: 13px;\">1 x Keon por Kiiroo<br \/> 1 x cabo de carregamento USB<\/span><\/p>\n<\/p>\n<p> <strong><span style=\"font-size: 13px;\">ESPECIFICA\u00c7\u00d5ES<\/span><\/strong><\/p>\n<ul>\n<li> <span style=\"font-size: 13px;\">Materiais: ABS, PC, silicone<\/span><\/li>\n<li> <span style=\"font-size: 13px;\">Acabamento: 24 VDI + brilho<\/span><\/li>\n<li> <span style=\"font-size: 13px;\">Peso do item: 1,1 kg \/ 38,8 oz \/ 2,425 lb<\/span><\/li>\n<li> <span style=\"font-size: 13px;\">Altura do item: 220 mm \/ 22 cm \/ 8,66 polegadas<\/span><\/li>\n<li> <span style=\"font-size: 13px;\">Largura do item: 130 mm \/ 13 cm \/ 5,11 polegadas<\/span><\/li>\n<li> <span style=\"font-size: 13px;\">Comprimento do item: 146 mm \/ 14,6 cm \/ 5,72 polegadas<\/span><\/li>\n<li> <span style=\"font-size: 13px;\">Bateria: 16,8 V 700 mAh<\/span><\/li>\n<\/ul>\n<\/div>\n","protected":false},"excerpt":{"rendered":"<p>https:\/\/store.dreamlove.es\/productos\/imagenes\/img_196754_7215fe1836e62857006c0a7a2e3c955d_1.jpg|https:\/\/store.dreamlove.es\/productos\/imagenes\/img_193788_891aa79a2db840737ae89c8ed7186fe3_1.jpg|https:\/\/store.dreamlove.es\/productos\/imagenes\/img_193787_d45f892d43f26f54d11b83226c85ef64_1.jpg|https:\/\/store.dreamlove.es\/productos\/imagenes\/img_193789_8b9c7d9c1ad6d9a86edbe6f386f55a8e_1.jpg<\/p>\n","protected":false},"featured_media":15149,"comment_status":"open","ping_status":"closed","template":"","meta":{"site-sidebar-layout":"default","site-content-layout":"","ast-site-content-layout":"default","site-content-style":"default","site-sidebar-style":"default","ast-global-header-display":"","ast-banner-title-visibility":"","ast-main-header-display":"","ast-hfb-above-header-display":"","ast-hfb-below-header-display":"","ast-hfb-mobile-header-display":"","site-post-title":"","ast-breadcrumbs-content":"","ast-featured-img":"","footer-sml-layout":"","ast-disable-related-posts":"","theme-transparent-header-meta":"","adv-header-id-meta":"","stick-header-meta":"","header-above-stick-meta":"","header-main-stick-meta":"","header-below-stick-meta":"","astra-migrate-meta-layouts":"default","ast-page-background-enabled":"default","ast-page-background-meta":{"desktop":{"background-color":"var(--ast-global-color-5)","background-image":"","background-repeat":"repeat","background-position":"center center","background-size":"auto","background-attachment":"scroll","background-type":"","background-media":"","overlay-type":"","overlay-color":"","overlay-opacity":"","overlay-gradient":""},"tablet":{"background-color":"","background-image":"","background-repeat":"repeat","background-position":"center center","background-size":"auto","background-attachment":"scroll","background-type":"","background-media":"","overlay-type":"","overlay-color":"","overlay-opacity":"","overlay-gradient":""},"mobile":{"background-color":"","background-image":"","background-repeat":"repeat","background-position":"center center","background-size":"auto","background-attachment":"scroll","background-type":"","background-media":"","overlay-type":"","overlay-color":"","overlay-opacity":"","overlay-gradient":""}},"ast-content-background-meta":{"desktop":{"background-color":"var(--ast-global-color-4)","background-image":"","background-repeat":"repeat","background-position":"center center","background-size":"auto","background-attachment":"scroll","background-type":"","background-media":"","overlay-type":"","overlay-color":"","overlay-opacity":"","overlay-gradient":""},"tablet":{"background-color":"var(--ast-global-color-4)","background-image":"","background-repeat":"repeat","background-position":"center center","background-size":"auto","background-attachment":"scroll","background-type":"","background-media":"","overlay-type":"","overlay-color":"","overlay-opacity":"","overlay-gradient":""},"mobile":{"background-color":"var(--ast-global-color-4)","background-image":"","background-repeat":"repeat","background-position":"center center","background-size":"auto","background-attachment":"scroll","background-type":"","background-media":"","overlay-type":"","overlay-color":"","overlay-opacity":"","overlay-gradient":""}}},"product_brand":[95],"product_cat":[384],"product_tag":[],"class_list":{"0":"post-15150","1":"product","2":"type-product","3":"status-publish","4":"has-post-thumbnail","6":"product_brand-kiiroo","7":"product_cat-brinquedos-sexuais-para-homens-2","8":"desktop-align-left","9":"tablet-align-left","10":"mobile-align-left","12":"first","13":"outofstock","14":"shipping-taxable","15":"purchasable","16":"product-type-simple"},"_links":{"self":[{"href":"https:\/\/intimusdream.com\/index.php\/wp-json\/wp\/v2\/product\/15150","targetHints":{"allow":["GET"]}}],"collection":[{"href":"https:\/\/intimusdream.com\/index.php\/wp-json\/wp\/v2\/product"}],"about":[{"href":"https:\/\/intimusdream.com\/index.php\/wp-json\/wp\/v2\/types\/product"}],"replies":[{"embeddable":true,"href":"https:\/\/intimusdream.com\/index.php\/wp-json\/wp\/v2\/comments?post=15150"}],"wp:featuredmedia":[{"embeddable":true,"href":"https:\/\/intimusdream.com\/index.php\/wp-json\/wp\/v2\/media\/15149"}],"wp:attachment":[{"href":"https:\/\/intimusdream.com\/index.php\/wp-json\/wp\/v2\/media?parent=15150"}],"wp:term":[{"taxonomy":"product_brand","embeddable":true,"href":"https:\/\/intimusdream.com\/index.php\/wp-json\/wp\/v2\/product_brand?post=15150"},{"taxonomy":"product_cat","embeddable":true,"href":"https:\/\/intimusdream.com\/index.php\/wp-json\/wp\/v2\/product_cat?post=15150"},{"taxonomy":"product_tag","embeddable":true,"href":"https:\/\/intimusdream.com\/index.php\/wp-json\/wp\/v2\/product_tag?post=15150"}],"curies":[{"name":"wp","href":"https:\/\/api.w.org\/{rel}","templated":true}]}}