{"id":15262,"date":"2025-07-15T19:46:23","date_gmt":"2025-07-15T19:46:23","guid":{"rendered":"https:\/\/intimusdream.com\/index.php\/produto\/leg-avenue-biquini-diamonds-azul\/"},"modified":"2026-01-09T15:18:28","modified_gmt":"2026-01-09T15:18:28","slug":"leg-avenue-biquini-diamonds-azul","status":"publish","type":"product","link":"https:\/\/intimusdream.com\/index.php\/produto\/leg-avenue-biquini-diamonds-azul\/","title":{"rendered":"LEG AVENUE &#8211; BIQUINI DIAMONDS AZUL"},"content":{"rendered":"<p>O top de biqu\u00edni de 2 pe\u00e7as com strass e tanga com amarra\u00e7\u00e3o lateral \u00e9 uma op\u00e7\u00e3o deslumbrante e estilosa para se destacar na praia ou na piscina. Com detalhes cuidadosamente desenhados e um toque de glamour, este conjunto \u00e9 perfeito para quem quer estar na moda e sentir-se confiante enquanto aproveita o sol e a \u00e1gua.<\/p>\n<p>A parte superior do biqu\u00edni apresenta um design cl\u00e1ssico com um toque de luxo gra\u00e7as aos strass estrategicamente colocados. Esses detalhes brilhantes adicionam um toque de sofistica\u00e7\u00e3o e glamour, elevando instantaneamente o estilo do look. Al\u00e9m disso, o ajuste lisonjeiro da parte superior garante suporte confort\u00e1vel e uma silhueta lisonjeira.<\/p>\n<p>A tanga com la\u00e7o lateral complementa o conjunto com um toque glamour e l\u00fadico. Feita com um tecido macio e el\u00e1stico, esta tanga n\u00e3o s\u00f3 \u00e9 confort\u00e1vel de usar, mas tamb\u00e9m embeleza suas curvas de uma forma charmosa. A gravata lateral adiciona um elemento de sensualidade e estilo, permitindo ajustar o ajuste \u00e0s suas prefer\u00eancias e estilo pessoais.<\/p>\n<p>Este conjunto de biqu\u00edni de 2 pe\u00e7as \u00e9 uma declara\u00e7\u00e3o de estilo e confian\u00e7a. A sua combina\u00e7\u00e3o de detalhes brilhantes e design lisonjeiro torna-o uma op\u00e7\u00e3o vers\u00e1til e elegante para os seus dias de praia ou piscina. Quer queira relaxar ao sol ou dar um mergulho refrescante, este conjunto ir\u00e1 ajud\u00e1-lo. tenha uma apar\u00eancia fabulosa em qualquer ocasi\u00e3o.<\/p>\n<p><u><strong>CARACTER\u00cdSTICAS:<\/strong><\/u><\/p>\n<ul>\n<li>Um tamanho<\/li>\n<li>Composi\u00e7\u00e3o: 83% n\u00e1ilon, 17% elastano<\/li>\n<li>Cor: Preto, azul e f\u00facsia<\/li>\n<li>O pacote inclui: 2 pe\u00e7as \u2013 suti\u00e3 e tanga<\/li>\n<\/ul>\n<p><strong>A Leg Avenue<\/strong> tem os produtos que voc\u00ea procurava, comprometendo-se a oferecer aos clientes produtos inovadores, pre\u00e7os competitivos e muita satisfa\u00e7\u00e3o, fresquinhos do que h\u00e1 de mais fashion em Los Angeles. Ningu\u00e9m torna isso mais sexy!!<\/p>\n","protected":false},"excerpt":{"rendered":"<p>https:\/\/store.dreamlove.es\/productos\/imagenes\/img_174659_48a0cd024e08542e79064ec24c3adc87_1.jpg|https:\/\/store.dreamlove.es\/productos\/imagenes\/img_174660_f7eea4f6446cb14bbe8bf03ab7e5f3b9_1.jpg|https:\/\/store.dreamlove.es\/productos\/imagenes\/img_174657_ce25a5a43bc169e4098edbe041c14dcf_1.jpg|https:\/\/store.dreamlove.es\/productos\/imagenes\/img_174658_c7d696fb2dcdd1eae292cef3d09456a8_1.jpg|https:\/\/store.dreamlove.es\/productos\/imagenes\/img_174699_015a271d5956f12398bdcfc79e60d3ce_1.jpg<\/p>\n","protected":false},"featured_media":15261,"comment_status":"open","ping_status":"closed","template":"","meta":{"site-sidebar-layout":"default","site-content-layout":"","ast-site-content-layout":"default","site-content-style":"default","site-sidebar-style":"default","ast-global-header-display":"","ast-banner-title-visibility":"","ast-main-header-display":"","ast-hfb-above-header-display":"","ast-hfb-below-header-display":"","ast-hfb-mobile-header-display":"","site-post-title":"","ast-breadcrumbs-content":"","ast-featured-img":"","footer-sml-layout":"","ast-disable-related-posts":"","theme-transparent-header-meta":"default","adv-header-id-meta":"","stick-header-meta":"","header-above-stick-meta":"","header-main-stick-meta":"","header-below-stick-meta":"","astra-migrate-meta-layouts":"set","ast-page-background-enabled":"default","ast-page-background-meta":{"desktop":{"background-color":"var(--ast-global-color-5)","background-image":"","background-repeat":"repeat","background-position":"center center","background-size":"auto","background-attachment":"scroll","background-type":"","background-media":"","overlay-type":"","overlay-color":"","overlay-opacity":"","overlay-gradient":""},"tablet":{"background-color":"","background-image":"","background-repeat":"repeat","background-position":"center center","background-size":"auto","background-attachment":"scroll","background-type":"","background-media":"","overlay-type":"","overlay-color":"","overlay-opacity":"","overlay-gradient":""},"mobile":{"background-color":"","background-image":"","background-repeat":"repeat","background-position":"center center","background-size":"auto","background-attachment":"scroll","background-type":"","background-media":"","overlay-type":"","overlay-color":"","overlay-opacity":"","overlay-gradient":""}},"ast-content-background-meta":{"desktop":{"background-color":"var(--ast-global-color-4)","background-image":"","background-repeat":"repeat","background-position":"center center","background-size":"auto","background-attachment":"scroll","background-type":"","background-media":"","overlay-type":"","overlay-color":"","overlay-opacity":"","overlay-gradient":""},"tablet":{"background-color":"var(--ast-global-color-4)","background-image":"","background-repeat":"repeat","background-position":"center center","background-size":"auto","background-attachment":"scroll","background-type":"","background-media":"","overlay-type":"","overlay-color":"","overlay-opacity":"","overlay-gradient":""},"mobile":{"background-color":"var(--ast-global-color-4)","background-image":"","background-repeat":"repeat","background-position":"center center","background-size":"auto","background-attachment":"scroll","background-type":"","background-media":"","overlay-type":"","overlay-color":"","overlay-opacity":"","overlay-gradient":""}}},"product_brand":[100],"product_cat":[370,348],"product_tag":[],"class_list":{"0":"post-15262","1":"product","2":"type-product","3":"status-publish","4":"has-post-thumbnail","6":"product_brand-leg-avenue-sets","7":"product_cat-lingerie-feminina","8":"product_cat-moda-e-lingerie","9":"desktop-align-left","10":"tablet-align-left","11":"mobile-align-left","13":"first","14":"instock","15":"shipping-taxable","16":"purchasable","17":"product-type-simple"},"_links":{"self":[{"href":"https:\/\/intimusdream.com\/index.php\/wp-json\/wp\/v2\/product\/15262","targetHints":{"allow":["GET"]}}],"collection":[{"href":"https:\/\/intimusdream.com\/index.php\/wp-json\/wp\/v2\/product"}],"about":[{"href":"https:\/\/intimusdream.com\/index.php\/wp-json\/wp\/v2\/types\/product"}],"replies":[{"embeddable":true,"href":"https:\/\/intimusdream.com\/index.php\/wp-json\/wp\/v2\/comments?post=15262"}],"wp:featuredmedia":[{"embeddable":true,"href":"https:\/\/intimusdream.com\/index.php\/wp-json\/wp\/v2\/media\/15261"}],"wp:attachment":[{"href":"https:\/\/intimusdream.com\/index.php\/wp-json\/wp\/v2\/media?parent=15262"}],"wp:term":[{"taxonomy":"product_brand","embeddable":true,"href":"https:\/\/intimusdream.com\/index.php\/wp-json\/wp\/v2\/product_brand?post=15262"},{"taxonomy":"product_cat","embeddable":true,"href":"https:\/\/intimusdream.com\/index.php\/wp-json\/wp\/v2\/product_cat?post=15262"},{"taxonomy":"product_tag","embeddable":true,"href":"https:\/\/intimusdream.com\/index.php\/wp-json\/wp\/v2\/product_tag?post=15262"}],"curies":[{"name":"wp","href":"https:\/\/api.w.org\/{rel}","templated":true}]}}