{"id":16028,"date":"2025-07-15T19:51:21","date_gmt":"2025-07-15T19:51:21","guid":{"rendered":"https:\/\/intimusdream.com\/index.php\/produto\/leg-avenue-mini-vestido-de-malha-com-estampa-de-coracao-vermelho-tamanho-unico\/"},"modified":"2025-10-24T16:52:35","modified_gmt":"2025-10-24T16:52:35","slug":"leg-avenue-mini-vestido-de-malha-com-estampa-de-coracao-vermelho-tamanho-unico","status":"publish","type":"product","link":"https:\/\/intimusdream.com\/index.php\/produto\/leg-avenue-mini-vestido-de-malha-com-estampa-de-coracao-vermelho-tamanho-unico\/","title":{"rendered":"LEG AVENUE &#8211; MINI VESTIDO DE MALHA COM ESTAMPA DE CORA\u00c7\u00c3O VERMELHO TAMANHO \u00daNICO"},"content":{"rendered":"<p>Fique sedutora e rom\u00e2ntica com nosso <strong>minivestido arrast\u00e3o com estampa de cora\u00e7\u00e3o vermelho<\/strong> .<\/p>\n<p> Ideal para noites especiais, festas ou qualquer ocasi\u00e3o em que voc\u00ea queira destacar um visual doce e ousado.<\/p>\n<\/p>\n<p> <u><strong>CARACTER\u00cdSTICAS<\/strong><\/u> :<\/p>\n<ul>\n<li> <strong>Arrast\u00e3o com Estampa de Cora\u00e7\u00e3o<\/strong> : Feito em delicada rede de pesca, este minivestido tem estampas de cora\u00e7\u00f5es em tom vermelho, que lhe d\u00e3o um toque rom\u00e2ntico e chamativo.<\/li>\n<li> <strong>Mini e Slim Fit<\/strong> : Seu design curto e ajustado valoriza a silhueta, oferecendo um estilo sensual e feminino.<\/li>\n<li> <strong>Tamanho \u00fanico<\/strong> : O tecido el\u00e1stico se adapta confortavelmente a diferentes corpos, proporcionando um ajuste ideal para uma grande variedade de tamanhos.<\/li>\n<li> <strong>Use e experimente<\/strong> : Este minivestido \u00e9 perfeito para quem procura um look feminino e ousado. Seja em um encontro ou em uma festa, este vestido \u00e9 a escolha ideal para se destacar e expressar seu estilo \u00fanico!<\/li>\n<\/ul>\n<p> <strong>A Leg Avenue<\/strong> tem os produtos que voc\u00ea procura, comprometida em oferecer aos clientes produtos inovadores, pre\u00e7os competitivos e grande satisfa\u00e7\u00e3o, sempre frescos e com o que h\u00e1 de mais fashion em Los Angeles.<\/p>\n<p> Aqui \u00e9 tudo sobre voc\u00ea! Entendemos que cada corpo \u00e9 \u00fanico e acreditamos que todas as mulheres devem ter uma apar\u00eancia e se sentir fant\u00e1sticas, independentemente do seu tamanho ou forma. Ent\u00e3o, fique tranquila, nossos designs est\u00e3o sempre focados em destacar suas melhores caracter\u00edsticas. E falando s\u00e9rio, falamos s\u00e9rio quando dizemos que valorizamos tecidos supermacios e elasticidade de n\u00edvel superior. Conforto e estilo? Confira duas vezes!<\/p>\n<p> A variedade \u00e9 a chave para o nosso sucesso e voc\u00ea pode ver isso em nossos estilos. Nossos designers misturam e combinam materiais como profissionais, dando \u00e0s nossas cria\u00e7\u00f5es aquele ar de luxo inconfund\u00edvel para que voc\u00ea se sinta absolutamente de primeira classe. Seja uma renda que faz seus sentidos formigarem ou um cetim supermacio que suas m\u00e3os n\u00e3o conseguem resistir, n\u00f3s vamos al\u00e9m para lhe dar algo especial.<\/p>\n<p> <strong>A Leg Avenue<\/strong> \u00e9 cheia de paix\u00e3o, divers\u00e3o e autoexpress\u00e3o. Queremos que voc\u00ea seja completamente voc\u00ea mesmo, com um toque de travessura e montanhas de confian\u00e7a. Descubra como nossa lingerie, meias e fantasias levam seu visual para o pr\u00f3ximo n\u00edvel. Juntos, aspiramos ao fant\u00e1stico e provamos que estilo n\u00e3o tem tamanho!<\/p>\n","protected":false},"excerpt":{"rendered":"<p>https:\/\/store.dreamlove.es\/productos\/imagenes\/img_193093_451274a10295d1aa3258659c6d4c890c_1.jpg|https:\/\/store.dreamlove.es\/productos\/imagenes\/img_193094_162f67513b1036874f0ad325437318eb_1.jpg|https:\/\/store.dreamlove.es\/productos\/imagenes\/img_193092_580ca44dd34be6215547dd32fcfcec89_1.jpg|https:\/\/store.dreamlove.es\/productos\/imagenes\/img_193091_86a348938f1b4b6fbac31c4a6daf61bd_1.jpg|https:\/\/store.dreamlove.es\/productos\/imagenes\/img_193090_9dcc4cab20ba05c485f2b0703bff21f1_1.jpg|https:\/\/store.dreamlove.es\/productos\/imagenes\/img_193089_e9bc612d54dd59d100b62e6a3f806520_1.jpg|https:\/\/store.dreamlove.es\/productos\/imagenes\/img_193095_8aa4acef2c00a0b3c0c00564c966c858_1.jpg<\/p>\n","protected":false},"featured_media":16027,"comment_status":"open","ping_status":"closed","template":"","meta":{"site-sidebar-layout":"default","site-content-layout":"","ast-site-content-layout":"","site-content-style":"default","site-sidebar-style":"default","ast-global-header-display":"","ast-banner-title-visibility":"","ast-main-header-display":"","ast-hfb-above-header-display":"","ast-hfb-below-header-display":"","ast-hfb-mobile-header-display":"","site-post-title":"","ast-breadcrumbs-content":"","ast-featured-img":"","footer-sml-layout":"","theme-transparent-header-meta":"","adv-header-id-meta":"","stick-header-meta":"","header-above-stick-meta":"","header-main-stick-meta":"","header-below-stick-meta":"","astra-migrate-meta-layouts":"default","ast-page-background-enabled":"default","ast-page-background-meta":{"desktop":{"background-color":"var(--ast-global-color-5)","background-image":"","background-repeat":"repeat","background-position":"center center","background-size":"auto","background-attachment":"scroll","background-type":"","background-media":"","overlay-type":"","overlay-color":"","overlay-opacity":"","overlay-gradient":""},"tablet":{"background-color":"","background-image":"","background-repeat":"repeat","background-position":"center center","background-size":"auto","background-attachment":"scroll","background-type":"","background-media":"","overlay-type":"","overlay-color":"","overlay-opacity":"","overlay-gradient":""},"mobile":{"background-color":"","background-image":"","background-repeat":"repeat","background-position":"center center","background-size":"auto","background-attachment":"scroll","background-type":"","background-media":"","overlay-type":"","overlay-color":"","overlay-opacity":"","overlay-gradient":""}},"ast-content-background-meta":{"desktop":{"background-color":"var(--ast-global-color-4)","background-image":"","background-repeat":"repeat","background-position":"center center","background-size":"auto","background-attachment":"scroll","background-type":"","background-media":"","overlay-type":"","overlay-color":"","overlay-opacity":"","overlay-gradient":""},"tablet":{"background-color":"var(--ast-global-color-4)","background-image":"","background-repeat":"repeat","background-position":"center center","background-size":"auto","background-attachment":"scroll","background-type":"","background-media":"","overlay-type":"","overlay-color":"","overlay-opacity":"","overlay-gradient":""},"mobile":{"background-color":"var(--ast-global-color-4)","background-image":"","background-repeat":"repeat","background-position":"center center","background-size":"auto","background-attachment":"scroll","background-type":"","background-media":"","overlay-type":"","overlay-color":"","overlay-opacity":"","overlay-gradient":""}}},"product_brand":[104],"product_cat":[370,348],"product_tag":[],"class_list":{"0":"post-16028","1":"product","2":"type-product","3":"status-publish","4":"has-post-thumbnail","6":"product_brand-leg-avenue-dresses","7":"product_cat-lingerie-feminina","8":"product_cat-moda-e-lingerie","9":"desktop-align-left","10":"tablet-align-left","11":"mobile-align-left","13":"first","14":"outofstock","15":"shipping-taxable","16":"purchasable","17":"product-type-simple"},"_links":{"self":[{"href":"https:\/\/intimusdream.com\/index.php\/wp-json\/wp\/v2\/product\/16028","targetHints":{"allow":["GET"]}}],"collection":[{"href":"https:\/\/intimusdream.com\/index.php\/wp-json\/wp\/v2\/product"}],"about":[{"href":"https:\/\/intimusdream.com\/index.php\/wp-json\/wp\/v2\/types\/product"}],"replies":[{"embeddable":true,"href":"https:\/\/intimusdream.com\/index.php\/wp-json\/wp\/v2\/comments?post=16028"}],"wp:featuredmedia":[{"embeddable":true,"href":"https:\/\/intimusdream.com\/index.php\/wp-json\/wp\/v2\/media\/16027"}],"wp:attachment":[{"href":"https:\/\/intimusdream.com\/index.php\/wp-json\/wp\/v2\/media?parent=16028"}],"wp:term":[{"taxonomy":"product_brand","embeddable":true,"href":"https:\/\/intimusdream.com\/index.php\/wp-json\/wp\/v2\/product_brand?post=16028"},{"taxonomy":"product_cat","embeddable":true,"href":"https:\/\/intimusdream.com\/index.php\/wp-json\/wp\/v2\/product_cat?post=16028"},{"taxonomy":"product_tag","embeddable":true,"href":"https:\/\/intimusdream.com\/index.php\/wp-json\/wp\/v2\/product_tag?post=16028"}],"curies":[{"name":"wp","href":"https:\/\/api.w.org\/{rel}","templated":true}]}}