{"id":17124,"date":"2025-07-15T19:57:59","date_gmt":"2025-07-15T19:57:59","guid":{"rendered":"https:\/\/intimusdream.com\/index.php\/produto\/mister-size-lubrificante-premium-100-ml\/"},"modified":"2026-01-09T15:06:50","modified_gmt":"2026-01-09T15:06:50","slug":"mister-size-lubrificante-premium-100-ml","status":"publish","type":"product","link":"https:\/\/intimusdream.com\/index.php\/produto\/mister-size-lubrificante-premium-100-ml\/","title":{"rendered":"MISTER SIZE &#8211; LUBRIFICANTE PREMIUM 100 ML"},"content":{"rendered":"<p>Lubrificante MISTER SIZE Descubra agora: o lubrificante \u00e0 base de \u00e1gua Mister Size \u00e9 a combina\u00e7\u00e3o perfeita para o preservativo, assim como o preservativo \u00e9 para voc\u00ea.<\/p>\n<p> <u><strong>Destaques:<\/strong><\/u><\/p>\n<ul>\n<li> F\u00f3rmula \u00e0 base de \u00e1gua<\/li>\n<li> Lubrifica\u00e7\u00e3o de longa dura\u00e7\u00e3o<\/li>\n<\/ul>\n<p> <u><strong>Por que usar lubrificante?<\/strong><\/u><br \/> Porque \u00e9 divertido O carro funciona melhor quando \u00e9 lubrificado recentemente. O mesmo vale para o lubrificante na cama! Cada movimento se torna<br \/> uma experi\u00eancia sedosa e excitante. Conven\u00e7a-se do efeito duradouro do lubrificante MISTER SIZE e desfrute de horas infinitas de paix\u00e3o.<br \/> Gra\u00e7as \u00e0 sua f\u00f3rmula \u00e0 base de \u00e1gua, o lubrificante tamb\u00e9m \u00e9 adequado para peles sens\u00edveis e pode ser simplesmente enxaguado com \u00e1gua normal ap\u00f3s o uso.<br \/> O gel lubrificante MISTER SIZE cont\u00e9m apenas ingredientes de alta qualidade para compatibilidade ideal com a pele. O gel lubrificante MISTER SIZE \u00e9 dermatologicamente testado, sem gordura, incolor, inodoro e ins\u00edpido.<\/p>\n<p> Gel lubrificante MISTER SIZE \u00c9 um produto vers\u00e1til que pode ser usado com brinquedos e preservativos e n\u00e3o deixa manchas permanentes nos tecidos.<\/p>\n<p> O tubo de 100 ml tem o tamanho perfeito para uso ocasional ou regular e \u00e9 visualmente convincente devido ao seu design moderno de embalagem. Assim como cremes para as m\u00e3os, a tampa pode ser aberta num piscar de olhos atrav\u00e9s do fecho flip-top, caso voc\u00ea precise de uma recarga r\u00e1pida &quot;enquanto isso&quot;.<br \/> A consist\u00eancia cristalina espalha-se facilmente nas \u00e1reas desejadas e proporciona hidrata\u00e7\u00e3o intensa para a melhor experi\u00eancia sensorial poss\u00edvel.<\/p>\n<p> <strong>Aplica\u00e7\u00e3o e armazenamento<\/strong><br \/> Basta aplicar uma pequena quantidade do gel lubrificante MISTER SIZE na parte desejada do corpo e mergulhar na fant\u00e1stica aventura da umidade. Repita a opera\u00e7\u00e3o conforme necess\u00e1rio. Mantenha fora do alcance de crian\u00e7as. Recomendamos armazen\u00e1-lo em um local fresco e escuro.<\/p>\n<p> <strong>Lista completa de ingredientes:<\/strong><br \/> \u00c1gua, Glicerina, Hidroxietilcelulose, \u00c1cido C\u00edtrico, Benzoato de S\u00f3dio, Sorbato de Pot\u00e1ssio, Pentilenoglicol, Sorbitol, Lactato de S\u00f3dio, Ureia, \u00c1cido L\u00e1tico, Serina, Hidr\u00f3xido de S\u00f3dio, Cloreto de S\u00f3dio, Alanto\u00edna<\/p>\n","protected":false},"excerpt":{"rendered":"<p>https:\/\/store.dreamlove.es\/productos\/imagenes\/img_196094_baa0682b0a70af13a116dbc1a9a9b5b4_1.jpg|https:\/\/store.dreamlove.es\/productos\/imagenes\/img_196095_34b8f336a81644ba89288d09bed98169_1.jpg|https:\/\/store.dreamlove.es\/productos\/imagenes\/img_196093_43e55a11e9dcff2a80ca24c348a4cf4f_1.jpg|https:\/\/store.dreamlove.es\/productos\/imagenes\/img_196096_64f664b10175b1520cfdcd9efcaeee99_1.jpg<\/p>\n","protected":false},"featured_media":17123,"comment_status":"open","ping_status":"closed","template":"","meta":{"site-sidebar-layout":"default","site-content-layout":"","ast-site-content-layout":"","site-content-style":"default","site-sidebar-style":"default","ast-global-header-display":"","ast-banner-title-visibility":"","ast-main-header-display":"","ast-hfb-above-header-display":"","ast-hfb-below-header-display":"","ast-hfb-mobile-header-display":"","site-post-title":"","ast-breadcrumbs-content":"","ast-featured-img":"","footer-sml-layout":"","theme-transparent-header-meta":"","adv-header-id-meta":"","stick-header-meta":"","header-above-stick-meta":"","header-main-stick-meta":"","header-below-stick-meta":"","astra-migrate-meta-layouts":"default","ast-page-background-enabled":"default","ast-page-background-meta":{"desktop":{"background-color":"var(--ast-global-color-5)","background-image":"","background-repeat":"repeat","background-position":"center center","background-size":"auto","background-attachment":"scroll","background-type":"","background-media":"","overlay-type":"","overlay-color":"","overlay-opacity":"","overlay-gradient":""},"tablet":{"background-color":"","background-image":"","background-repeat":"repeat","background-position":"center center","background-size":"auto","background-attachment":"scroll","background-type":"","background-media":"","overlay-type":"","overlay-color":"","overlay-opacity":"","overlay-gradient":""},"mobile":{"background-color":"","background-image":"","background-repeat":"repeat","background-position":"center center","background-size":"auto","background-attachment":"scroll","background-type":"","background-media":"","overlay-type":"","overlay-color":"","overlay-opacity":"","overlay-gradient":""}},"ast-content-background-meta":{"desktop":{"background-color":"var(--ast-global-color-4)","background-image":"","background-repeat":"repeat","background-position":"center center","background-size":"auto","background-attachment":"scroll","background-type":"","background-media":"","overlay-type":"","overlay-color":"","overlay-opacity":"","overlay-gradient":""},"tablet":{"background-color":"var(--ast-global-color-4)","background-image":"","background-repeat":"repeat","background-position":"center center","background-size":"auto","background-attachment":"scroll","background-type":"","background-media":"","overlay-type":"","overlay-color":"","overlay-opacity":"","overlay-gradient":""},"mobile":{"background-color":"var(--ast-global-color-4)","background-image":"","background-repeat":"repeat","background-position":"center center","background-size":"auto","background-attachment":"scroll","background-type":"","background-media":"","overlay-type":"","overlay-color":"","overlay-opacity":"","overlay-gradient":""}}},"product_brand":[114],"product_cat":[345,352],"product_tag":[],"class_list":{"0":"post-17124","1":"product","2":"type-product","3":"status-publish","4":"has-post-thumbnail","6":"product_brand-mister-size","7":"product_cat-drogaria","8":"product_cat-lubrificantes","9":"desktop-align-left","10":"tablet-align-left","11":"mobile-align-left","13":"first","14":"instock","15":"shipping-taxable","16":"purchasable","17":"product-type-simple"},"_links":{"self":[{"href":"https:\/\/intimusdream.com\/index.php\/wp-json\/wp\/v2\/product\/17124","targetHints":{"allow":["GET"]}}],"collection":[{"href":"https:\/\/intimusdream.com\/index.php\/wp-json\/wp\/v2\/product"}],"about":[{"href":"https:\/\/intimusdream.com\/index.php\/wp-json\/wp\/v2\/types\/product"}],"replies":[{"embeddable":true,"href":"https:\/\/intimusdream.com\/index.php\/wp-json\/wp\/v2\/comments?post=17124"}],"wp:featuredmedia":[{"embeddable":true,"href":"https:\/\/intimusdream.com\/index.php\/wp-json\/wp\/v2\/media\/17123"}],"wp:attachment":[{"href":"https:\/\/intimusdream.com\/index.php\/wp-json\/wp\/v2\/media?parent=17124"}],"wp:term":[{"taxonomy":"product_brand","embeddable":true,"href":"https:\/\/intimusdream.com\/index.php\/wp-json\/wp\/v2\/product_brand?post=17124"},{"taxonomy":"product_cat","embeddable":true,"href":"https:\/\/intimusdream.com\/index.php\/wp-json\/wp\/v2\/product_cat?post=17124"},{"taxonomy":"product_tag","embeddable":true,"href":"https:\/\/intimusdream.com\/index.php\/wp-json\/wp\/v2\/product_tag?post=17124"}],"curies":[{"name":"wp","href":"https:\/\/api.w.org\/{rel}","templated":true}]}}