{"id":17768,"date":"2025-07-15T20:02:30","date_gmt":"2025-07-15T20:02:30","guid":{"rendered":"https:\/\/intimusdream.com\/index.php\/produto\/satisfyer-estimulador-de-pulso-de-ar-orca-vibrao\/"},"modified":"2026-01-09T15:24:23","modified_gmt":"2026-01-09T15:24:23","slug":"satisfyer-estimulador-de-pulso-de-ar-orca-vibrao","status":"publish","type":"product","link":"https:\/\/intimusdream.com\/index.php\/produto\/satisfyer-estimulador-de-pulso-de-ar-orca-vibrao\/","title":{"rendered":"SATISFYER &#8211; ESTIMULADOR DE PULSO DE AR ORCA + VIBRAO"},"content":{"rendered":"<p>Nosso maravilhoso vibrador Orca estimula voc\u00ea em seus pontos mais sens\u00edveis com vibra\u00e7\u00f5es poderosas e ondas de press\u00e3o sensuais: 2 motores potentes tornam isso poss\u00edvel.<\/p>\n<p>Sugador de clit\u00f3ris recarreg\u00e1vel pequeno, elegante e intenso e vibrador com diferentes intensidades. Possui um bocal menor em compara\u00e7\u00e3o com as demais ventosas da marca feitas de silicone macio. Incorpora 11 n\u00edveis de suc\u00e7\u00e3o e 10 vibra\u00e7\u00f5es indicadas por uma luz LED. Possui motores independentes para que possam ser utilizados separadamente. \u00c9 totalmente submers\u00edvel, podendo ser utilizado no duche ou na banheira.<\/p>\n<p>&nbsp;<\/p>\n<ul>\n<li>Resistente \u00e0 \u00e1gua (IPX7).<\/li>\n<li>Feito de silicone m\u00e9dico.<\/li>\n<li>Os programas podem ser controlados separadamente.<\/li>\n<li>Peso 115g<\/li>\n<li>Comprimento 115mm<\/li>\n<li>largura 56 mm<\/li>\n<li>altura 49mm<\/li>\n<li>Silicone, pl\u00e1stico ABS<\/li>\n<li>cor preto, branco<\/li>\n<li>Bateria 1x bateria recarreg\u00e1vel<\/li>\n<\/ul>\n","protected":false},"excerpt":{"rendered":"<p>https:\/\/store.dreamlove.es\/productos\/imagenes\/img_139938_68f7c7318775648314f3f4bd07dd2b7d_1.jpg|https:\/\/store.dreamlove.es\/productos\/imagenes\/img_139932_721345ec777de8473600f00aae1f3063_1.jpg|https:\/\/store.dreamlove.es\/productos\/imagenes\/img_139934_c3691d35a64eab7107e46e4a2c45199c_1.jpg|https:\/\/store.dreamlove.es\/productos\/imagenes\/img_139931_19df00531836e7cc76bc9a813818c4c7_1.jpg|https:\/\/store.dreamlove.es\/productos\/imagenes\/img_139930_b08ccc77d52c9b69cd0ef98c7313e256_1.jpg|https:\/\/store.dreamlove.es\/productos\/imagenes\/img_139935_7f14ab575e82753bd12f89e9b16485b6_1.jpg|https:\/\/store.dreamlove.es\/productos\/imagenes\/img_139933_734a8c716a4762e34d8cc65278fd5bf2_1.jpg<\/p>\n","protected":false},"featured_media":17767,"comment_status":"open","ping_status":"closed","template":"","meta":{"site-sidebar-layout":"default","site-content-layout":"","ast-site-content-layout":"default","site-content-style":"default","site-sidebar-style":"default","ast-global-header-display":"","ast-banner-title-visibility":"","ast-main-header-display":"","ast-hfb-above-header-display":"","ast-hfb-below-header-display":"","ast-hfb-mobile-header-display":"","site-post-title":"","ast-breadcrumbs-content":"","ast-featured-img":"","footer-sml-layout":"","theme-transparent-header-meta":"default","adv-header-id-meta":"","stick-header-meta":"","header-above-stick-meta":"","header-main-stick-meta":"","header-below-stick-meta":"","astra-migrate-meta-layouts":"set","ast-page-background-enabled":"default","ast-page-background-meta":{"desktop":{"background-color":"var(--ast-global-color-5)","background-image":"","background-repeat":"repeat","background-position":"center center","background-size":"auto","background-attachment":"scroll","background-type":"","background-media":"","overlay-type":"","overlay-color":"","overlay-opacity":"","overlay-gradient":""},"tablet":{"background-color":"","background-image":"","background-repeat":"repeat","background-position":"center center","background-size":"auto","background-attachment":"scroll","background-type":"","background-media":"","overlay-type":"","overlay-color":"","overlay-opacity":"","overlay-gradient":""},"mobile":{"background-color":"","background-image":"","background-repeat":"repeat","background-position":"center center","background-size":"auto","background-attachment":"scroll","background-type":"","background-media":"","overlay-type":"","overlay-color":"","overlay-opacity":"","overlay-gradient":""}},"ast-content-background-meta":{"desktop":{"background-color":"var(--ast-global-color-4)","background-image":"","background-repeat":"repeat","background-position":"center center","background-size":"auto","background-attachment":"scroll","background-type":"","background-media":"","overlay-type":"","overlay-color":"","overlay-opacity":"","overlay-gradient":""},"tablet":{"background-color":"var(--ast-global-color-4)","background-image":"","background-repeat":"repeat","background-position":"center center","background-size":"auto","background-attachment":"scroll","background-type":"","background-media":"","overlay-type":"","overlay-color":"","overlay-opacity":"","overlay-gradient":""},"mobile":{"background-color":"var(--ast-global-color-4)","background-image":"","background-repeat":"repeat","background-position":"center center","background-size":"auto","background-attachment":"scroll","background-type":"","background-media":"","overlay-type":"","overlay-color":"","overlay-opacity":"","overlay-gradient":""}}},"product_brand":[132],"product_cat":[385],"product_tag":[],"class_list":{"0":"post-17768","1":"product","2":"type-product","3":"status-publish","4":"has-post-thumbnail","6":"product_brand-satisfyer-air-pulse","7":"product_cat-brinquedos-para-mulheres-2","8":"desktop-align-left","9":"tablet-align-left","10":"mobile-align-left","12":"first","13":"instock","14":"featured","15":"shipping-taxable","16":"purchasable","17":"product-type-simple"},"_links":{"self":[{"href":"https:\/\/intimusdream.com\/index.php\/wp-json\/wp\/v2\/product\/17768","targetHints":{"allow":["GET"]}}],"collection":[{"href":"https:\/\/intimusdream.com\/index.php\/wp-json\/wp\/v2\/product"}],"about":[{"href":"https:\/\/intimusdream.com\/index.php\/wp-json\/wp\/v2\/types\/product"}],"replies":[{"embeddable":true,"href":"https:\/\/intimusdream.com\/index.php\/wp-json\/wp\/v2\/comments?post=17768"}],"wp:featuredmedia":[{"embeddable":true,"href":"https:\/\/intimusdream.com\/index.php\/wp-json\/wp\/v2\/media\/17767"}],"wp:attachment":[{"href":"https:\/\/intimusdream.com\/index.php\/wp-json\/wp\/v2\/media?parent=17768"}],"wp:term":[{"taxonomy":"product_brand","embeddable":true,"href":"https:\/\/intimusdream.com\/index.php\/wp-json\/wp\/v2\/product_brand?post=17768"},{"taxonomy":"product_cat","embeddable":true,"href":"https:\/\/intimusdream.com\/index.php\/wp-json\/wp\/v2\/product_cat?post=17768"},{"taxonomy":"product_tag","embeddable":true,"href":"https:\/\/intimusdream.com\/index.php\/wp-json\/wp\/v2\/product_tag?post=17768"}],"curies":[{"name":"wp","href":"https:\/\/api.w.org\/{rel}","templated":true}]}}