{"id":17822,"date":"2025-07-15T20:02:52","date_gmt":"2025-07-15T20:02:52","guid":{"rendered":"https:\/\/intimusdream.com\/index.php\/produto\/satisfyer-game-changer-plug-vibrador-preto\/"},"modified":"2025-12-18T23:37:59","modified_gmt":"2025-12-18T23:37:59","slug":"satisfyer-game-changer-plug-vibrador-preto","status":"publish","type":"product","link":"https:\/\/intimusdream.com\/index.php\/produto\/satisfyer-game-changer-plug-vibrador-preto\/","title":{"rendered":"SATISFYER &#8211; GAME CHANGER PLUG VIBRADOR PRETO"},"content":{"rendered":"<p>O Satisfyer Game Changer proporciona estimula\u00e7\u00e3o anal satisfat\u00f3ria e sensual com sua ponta c\u00f4nica e formato bulboso. O vibrador anal pode ser controlado atrav\u00e9s do seu painel de controle intuitivo em sua ampla base.<\/p>\n<p><strong>Informa\u00e7\u00f5es sobre o produto &#8220;Satisfyer Game Changer&#8221;<\/strong><\/p>\n<ul>\n<li>Feito de silicone de grau m\u00e9dico supermacio e adequado para a pele, suave ao toque e extremamente higi\u00eanico<\/li>\n<li>O potente motor transmite ritmos de vibra\u00e7\u00e3o intensos por todo o dispositivo de bem-estar sexual<\/li>\n<li>Adequado para todos os sexos<\/li>\n<li>2 motores de pot\u00eancia extra-fortes<\/li>\n<li>Garantia de 15 anos<\/li>\n<li>Unissex<\/li>\n<li>Silicone amigo do corpo<\/li>\n<li>\u00c0 prova d&#8217;\u00e1gua (IPX7)<\/li>\n<li>F\u00e1cil de limpar<\/li>\n<li>Bateria recarreg\u00e1vel de l\u00edtio<\/li>\n<li>Cabo de carregamento USB magn\u00e9tico inclu\u00eddo<\/li>\n<\/ul>\n<p><strong>Estimula\u00e7\u00e3o sensual com o Satisfyer Game Changer<\/strong><\/p>\n<p>O Satisfyer Game Changer oferece estimula\u00e7\u00e3o anal sedutora combinada com controle de aplicativo e m\u00e1xima versatilidade ao jogar. O design futurista do plug anal vibrat\u00f3rio ir\u00e1 inspirar suas fantasias com sua ponta c\u00f4nica e arredondada e uma base dividida que garante jogo seguro e f\u00e1cil manuseio. O motor especialmente potente mima voc\u00ea com vibra\u00e7\u00f5es intensas.<\/p>\n<p><strong>Momentos apaixonantes com o Game Changer<\/strong><\/p>\n<p>Os 12 programas podem ser controlados atrav\u00e9s do bot\u00e3o intuitivo de um toque. Dado que o Satisfyer Game Changer \u00e9 \u00e0 prova de \u00e1gua (IPX7), tamb\u00e9m pode ser utilizado no duche ou na banheira. Al\u00e9m disso, seu exterior \u00e9 feito de silicone que n\u00e3o agride o corpo e pode ser limpo com \u00e1gua morna e sab\u00e3o neutro. Se o plugue anal ficar sem energia, as baterias integradas podem ser recarregadas com o cabo de carregamento USB inclu\u00eddo.<\/p>\n<p>Os vibradores anais da s\u00e9rie Satisfyer Plug Vibrator v\u00eam em uma variedade de formatos, s\u00e3o de tamanho gerenci\u00e1vel e f\u00e1ceis de usar. Isso os torna realmente \u00f3timos para iniciantes em brincadeiras anais. Recomendamos sempre o uso de um lubrificante \u00e0 base de \u00e1gua para um prazer suave.<\/p>\n<p>&nbsp;<\/p>\n<p>&nbsp;<\/p>\n<p><img fetchpriority=\"high\" decoding=\"async\" class=\"alignnone size-medium wp-image-19481\" src=\"https:\/\/intimusdream.com\/wp-content\/uploads\/2025\/07\/img_121979_8241883dfda83f53fd6aebfe2bcb5404_1-1-300x300.jpg\" alt=\"\" width=\"300\" height=\"300\" srcset=\"https:\/\/intimusdream.com\/wp-content\/uploads\/2025\/07\/img_121979_8241883dfda83f53fd6aebfe2bcb5404_1-1-300x300.jpg 300w, https:\/\/intimusdream.com\/wp-content\/uploads\/2025\/07\/img_121979_8241883dfda83f53fd6aebfe2bcb5404_1-1-150x150.jpg 150w, https:\/\/intimusdream.com\/wp-content\/uploads\/2025\/07\/img_121979_8241883dfda83f53fd6aebfe2bcb5404_1-1-600x600.jpg 600w, https:\/\/intimusdream.com\/wp-content\/uploads\/2025\/07\/img_121979_8241883dfda83f53fd6aebfe2bcb5404_1-1-100x100.jpg 100w, https:\/\/intimusdream.com\/wp-content\/uploads\/2025\/07\/img_121979_8241883dfda83f53fd6aebfe2bcb5404_1-1.jpg 721w\" sizes=\"(max-width: 300px) 100vw, 300px\" \/> <img decoding=\"async\" class=\"alignnone size-medium wp-image-19482\" src=\"https:\/\/intimusdream.com\/wp-content\/uploads\/2025\/07\/img_121980_c87be9abc7df092cfca345d865b46884_1-300x300.jpg\" alt=\"\" width=\"300\" height=\"300\" srcset=\"https:\/\/intimusdream.com\/wp-content\/uploads\/2025\/07\/img_121980_c87be9abc7df092cfca345d865b46884_1-300x300.jpg 300w, https:\/\/intimusdream.com\/wp-content\/uploads\/2025\/07\/img_121980_c87be9abc7df092cfca345d865b46884_1-150x150.jpg 150w, https:\/\/intimusdream.com\/wp-content\/uploads\/2025\/07\/img_121980_c87be9abc7df092cfca345d865b46884_1-768x768.jpg 768w, https:\/\/intimusdream.com\/wp-content\/uploads\/2025\/07\/img_121980_c87be9abc7df092cfca345d865b46884_1-600x600.jpg 600w, https:\/\/intimusdream.com\/wp-content\/uploads\/2025\/07\/img_121980_c87be9abc7df092cfca345d865b46884_1-100x100.jpg 100w, https:\/\/intimusdream.com\/wp-content\/uploads\/2025\/07\/img_121980_c87be9abc7df092cfca345d865b46884_1.jpg 800w\" sizes=\"(max-width: 300px) 100vw, 300px\" \/> <img decoding=\"async\" class=\"alignnone size-medium wp-image-19480\" src=\"https:\/\/intimusdream.com\/wp-content\/uploads\/2025\/07\/img_121978_2a380e654a8b3f8e863b12ce0d616e2c_1-300x300.jpg\" alt=\"\" width=\"300\" height=\"300\" srcset=\"https:\/\/intimusdream.com\/wp-content\/uploads\/2025\/07\/img_121978_2a380e654a8b3f8e863b12ce0d616e2c_1-300x300.jpg 300w, https:\/\/intimusdream.com\/wp-content\/uploads\/2025\/07\/img_121978_2a380e654a8b3f8e863b12ce0d616e2c_1-150x150.jpg 150w, https:\/\/intimusdream.com\/wp-content\/uploads\/2025\/07\/img_121978_2a380e654a8b3f8e863b12ce0d616e2c_1-768x768.jpg 768w, https:\/\/intimusdream.com\/wp-content\/uploads\/2025\/07\/img_121978_2a380e654a8b3f8e863b12ce0d616e2c_1-600x600.jpg 600w, https:\/\/intimusdream.com\/wp-content\/uploads\/2025\/07\/img_121978_2a380e654a8b3f8e863b12ce0d616e2c_1-100x100.jpg 100w, https:\/\/intimusdream.com\/wp-content\/uploads\/2025\/07\/img_121978_2a380e654a8b3f8e863b12ce0d616e2c_1.jpg 800w\" sizes=\"(max-width: 300px) 100vw, 300px\" \/> <img loading=\"lazy\" decoding=\"async\" class=\"alignnone size-medium wp-image-19479\" src=\"https:\/\/intimusdream.com\/wp-content\/uploads\/2025\/07\/img_121977_fa56a90a73893d6183c25d1c426649a8_1-300x300.jpg\" alt=\"\" width=\"300\" height=\"300\" srcset=\"https:\/\/intimusdream.com\/wp-content\/uploads\/2025\/07\/img_121977_fa56a90a73893d6183c25d1c426649a8_1-300x300.jpg 300w, https:\/\/intimusdream.com\/wp-content\/uploads\/2025\/07\/img_121977_fa56a90a73893d6183c25d1c426649a8_1-150x150.jpg 150w, https:\/\/intimusdream.com\/wp-content\/uploads\/2025\/07\/img_121977_fa56a90a73893d6183c25d1c426649a8_1-768x768.jpg 768w, https:\/\/intimusdream.com\/wp-content\/uploads\/2025\/07\/img_121977_fa56a90a73893d6183c25d1c426649a8_1-600x600.jpg 600w, https:\/\/intimusdream.com\/wp-content\/uploads\/2025\/07\/img_121977_fa56a90a73893d6183c25d1c426649a8_1-100x100.jpg 100w, https:\/\/intimusdream.com\/wp-content\/uploads\/2025\/07\/img_121977_fa56a90a73893d6183c25d1c426649a8_1.jpg 800w\" sizes=\"(max-width: 300px) 100vw, 300px\" \/> <img loading=\"lazy\" decoding=\"async\" class=\"alignnone size-medium wp-image-19478\" src=\"https:\/\/intimusdream.com\/wp-content\/uploads\/2025\/07\/img_121976_0f875a188890ac07b381e21c31758550_1-300x300.jpg\" alt=\"\" width=\"300\" height=\"300\" srcset=\"https:\/\/intimusdream.com\/wp-content\/uploads\/2025\/07\/img_121976_0f875a188890ac07b381e21c31758550_1-300x300.jpg 300w, https:\/\/intimusdream.com\/wp-content\/uploads\/2025\/07\/img_121976_0f875a188890ac07b381e21c31758550_1-150x150.jpg 150w, https:\/\/intimusdream.com\/wp-content\/uploads\/2025\/07\/img_121976_0f875a188890ac07b381e21c31758550_1-768x768.jpg 768w, https:\/\/intimusdream.com\/wp-content\/uploads\/2025\/07\/img_121976_0f875a188890ac07b381e21c31758550_1-600x600.jpg 600w, https:\/\/intimusdream.com\/wp-content\/uploads\/2025\/07\/img_121976_0f875a188890ac07b381e21c31758550_1-100x100.jpg 100w, https:\/\/intimusdream.com\/wp-content\/uploads\/2025\/07\/img_121976_0f875a188890ac07b381e21c31758550_1.jpg 800w\" sizes=\"(max-width: 300px) 100vw, 300px\" \/><\/p>\n","protected":false},"excerpt":{"rendered":"<p>O Satisfyer Game Changer proporciona estimula\u00e7\u00e3o anal satisfat\u00f3ria e sensual com sua ponta c\u00f4nica e formato bulboso. O vibrador anal [&hellip;]<\/p>\n","protected":false},"featured_media":19482,"comment_status":"open","ping_status":"closed","template":"","meta":{"site-sidebar-layout":"default","site-content-layout":"","ast-site-content-layout":"default","site-content-style":"default","site-sidebar-style":"default","ast-global-header-display":"","ast-banner-title-visibility":"","ast-main-header-display":"","ast-hfb-above-header-display":"","ast-hfb-below-header-display":"","ast-hfb-mobile-header-display":"","site-post-title":"","ast-breadcrumbs-content":"","ast-featured-img":"","footer-sml-layout":"","ast-disable-related-posts":"","theme-transparent-header-meta":"default","adv-header-id-meta":"","stick-header-meta":"","header-above-stick-meta":"","header-main-stick-meta":"","header-below-stick-meta":"","astra-migrate-meta-layouts":"set","ast-page-background-enabled":"default","ast-page-background-meta":{"desktop":{"background-color":"var(--ast-global-color-5)","background-image":"","background-repeat":"repeat","background-position":"center center","background-size":"auto","background-attachment":"scroll","background-type":"","background-media":"","overlay-type":"","overlay-color":"","overlay-opacity":"","overlay-gradient":""},"tablet":{"background-color":"","background-image":"","background-repeat":"repeat","background-position":"center center","background-size":"auto","background-attachment":"scroll","background-type":"","background-media":"","overlay-type":"","overlay-color":"","overlay-opacity":"","overlay-gradient":""},"mobile":{"background-color":"","background-image":"","background-repeat":"repeat","background-position":"center center","background-size":"auto","background-attachment":"scroll","background-type":"","background-media":"","overlay-type":"","overlay-color":"","overlay-opacity":"","overlay-gradient":""}},"ast-content-background-meta":{"desktop":{"background-color":"var(--ast-global-color-4)","background-image":"","background-repeat":"repeat","background-position":"center center","background-size":"auto","background-attachment":"scroll","background-type":"","background-media":"","overlay-type":"","overlay-color":"","overlay-opacity":"","overlay-gradient":""},"tablet":{"background-color":"var(--ast-global-color-4)","background-image":"","background-repeat":"repeat","background-position":"center center","background-size":"auto","background-attachment":"scroll","background-type":"","background-media":"","overlay-type":"","overlay-color":"","overlay-opacity":"","overlay-gradient":""},"mobile":{"background-color":"var(--ast-global-color-4)","background-image":"","background-repeat":"repeat","background-position":"center center","background-size":"auto","background-attachment":"scroll","background-type":"","background-media":"","overlay-type":"","overlay-color":"","overlay-opacity":"","overlay-gradient":""}}},"product_brand":[134],"product_cat":[392],"product_tag":[],"class_list":{"0":"post-17822","1":"product","2":"type-product","3":"status-publish","4":"has-post-thumbnail","6":"product_brand-satisfyer-plugs","7":"product_cat-anal","8":"desktop-align-left","9":"tablet-align-left","10":"mobile-align-left","12":"first","13":"instock","14":"featured","15":"shipping-taxable","16":"purchasable","17":"product-type-simple"},"_links":{"self":[{"href":"https:\/\/intimusdream.com\/index.php\/wp-json\/wp\/v2\/product\/17822","targetHints":{"allow":["GET"]}}],"collection":[{"href":"https:\/\/intimusdream.com\/index.php\/wp-json\/wp\/v2\/product"}],"about":[{"href":"https:\/\/intimusdream.com\/index.php\/wp-json\/wp\/v2\/types\/product"}],"replies":[{"embeddable":true,"href":"https:\/\/intimusdream.com\/index.php\/wp-json\/wp\/v2\/comments?post=17822"}],"wp:featuredmedia":[{"embeddable":true,"href":"https:\/\/intimusdream.com\/index.php\/wp-json\/wp\/v2\/media\/19482"}],"wp:attachment":[{"href":"https:\/\/intimusdream.com\/index.php\/wp-json\/wp\/v2\/media?parent=17822"}],"wp:term":[{"taxonomy":"product_brand","embeddable":true,"href":"https:\/\/intimusdream.com\/index.php\/wp-json\/wp\/v2\/product_brand?post=17822"},{"taxonomy":"product_cat","embeddable":true,"href":"https:\/\/intimusdream.com\/index.php\/wp-json\/wp\/v2\/product_cat?post=17822"},{"taxonomy":"product_tag","embeddable":true,"href":"https:\/\/intimusdream.com\/index.php\/wp-json\/wp\/v2\/product_tag?post=17822"}],"curies":[{"name":"wp","href":"https:\/\/api.w.org\/{rel}","templated":true}]}}