{"id":19424,"date":"2025-07-15T20:13:18","date_gmt":"2025-07-15T20:13:18","guid":{"rendered":"https:\/\/intimusdream.com\/index.php\/produto\/waterfeel-lubrificante-a-base-de-agua-de-maracujao-175-ml\/"},"modified":"2026-01-09T15:07:12","modified_gmt":"2026-01-09T15:07:12","slug":"waterfeel-lubrificante-a-base-de-agua-de-maracujao-175-ml","status":"publish","type":"product","link":"https:\/\/intimusdream.com\/index.php\/produto\/waterfeel-lubrificante-a-base-de-agua-de-maracujao-175-ml\/","title":{"rendered":"WATERFEEL &#8211; LUBRIFICANTE \u00c0 BASE DE \u00c1GUA DE MARACUJ\u00c3O 175 ML"},"content":{"rendered":"<p>&Agrave;s vezes mais&#8230;&eacute; melhor! A mesma sensa&ccedil;&atilde;o, textura, longa dura&ccedil;&atilde;o e sabor delicioso de sempre&#8230; em novo formato!<\/p>\n<p><strong>Waterfeel<\/strong> , marca de lubrificantes de refer&ecirc;ncia no mercado de lubrificantes, com milh&otilde;es de unidades vendidas nos &uacute;ltimos anos, apresenta os seus lubrificantes habituais num novo formato de 175 ml e nova tampa com fecho.<\/p>\n<p>A sua textura e lubrifica&ccedil;&atilde;o de longa dura&ccedil;&atilde;o tornam-no perfeito para lubrificar durante longos per&iacute;odos de tempo, para aplicar uma massagem sensual ao parceiro e, sobretudo, para sexo oral gra&ccedil;as ao seu sabor requintado e intenso. A limpeza tamb&eacute;m n&atilde;o &eacute; problema, pois n&atilde;o mancha nem pegajosa, podendo ser facilmente limpa com apenas um pouco de &aacute;gua.<\/p>\n<ul>\n<li>Lubrificante com sabor de maracuj&aacute;<\/li>\n<li>A base de &aacute;gua<\/li>\n<li>Com tampa de travamento, leve-o para qualquer lugar com seguran&ccedil;a.<\/li>\n<li>Limpeza f&aacute;cil<\/li>\n<li>Compat&iacute;vel com preservativos de l&aacute;tex<\/li>\n<li>Formato: 175ml<\/li>\n<\/ul>\n<p>Uma boa lubrifica&ccedil;&atilde;o &eacute; essencial e sin&ocirc;nimo de sucesso nos relacionamentos. Com <strong>Waterfeel<\/strong> , deixe tudo fluir, maximize o prazer e&#8230;sinta tudo!<\/p>\n<p>&nbsp;<\/p>\n","protected":false},"excerpt":{"rendered":"<p>https:\/\/store.dreamlove.es\/productos\/imagenes\/img_162217_efa9865ec0131ab3706f5e5261eb4abe_1.png|https:\/\/store.dreamlove.es\/productos\/imagenes\/img_162218_ce030b6f9f761a768232a2bc41c8434d_1.png|https:\/\/store.dreamlove.es\/productos\/imagenes\/img_162214_d41bba02c1f7a8ca6a1e6ed19ad67431_1.png|https:\/\/store.dreamlove.es\/productos\/imagenes\/img_162216_88ade820f33590edd53bc644625c65ad_1.png|https:\/\/store.dreamlove.es\/productos\/imagenes\/img_162213_e6ebeac0c8b31838ba534480fda5ae98_1.png|https:\/\/store.dreamlove.es\/productos\/imagenes\/img_162212_813a68a21aec139b7f93489b9217b79e_1.png|https:\/\/store.dreamlove.es\/productos\/imagenes\/img_166450_d983abf9821b5288eaac550d6d462b13_1.png<\/p>\n","protected":false},"featured_media":19423,"comment_status":"open","ping_status":"closed","template":"","meta":{"site-sidebar-layout":"default","site-content-layout":"","ast-site-content-layout":"","site-content-style":"default","site-sidebar-style":"default","ast-global-header-display":"","ast-banner-title-visibility":"","ast-main-header-display":"","ast-hfb-above-header-display":"","ast-hfb-below-header-display":"","ast-hfb-mobile-header-display":"","site-post-title":"","ast-breadcrumbs-content":"","ast-featured-img":"","footer-sml-layout":"","theme-transparent-header-meta":"","adv-header-id-meta":"","stick-header-meta":"","header-above-stick-meta":"","header-main-stick-meta":"","header-below-stick-meta":"","astra-migrate-meta-layouts":"default","ast-page-background-enabled":"default","ast-page-background-meta":{"desktop":{"background-color":"var(--ast-global-color-5)","background-image":"","background-repeat":"repeat","background-position":"center center","background-size":"auto","background-attachment":"scroll","background-type":"","background-media":"","overlay-type":"","overlay-color":"","overlay-opacity":"","overlay-gradient":""},"tablet":{"background-color":"","background-image":"","background-repeat":"repeat","background-position":"center center","background-size":"auto","background-attachment":"scroll","background-type":"","background-media":"","overlay-type":"","overlay-color":"","overlay-opacity":"","overlay-gradient":""},"mobile":{"background-color":"","background-image":"","background-repeat":"repeat","background-position":"center center","background-size":"auto","background-attachment":"scroll","background-type":"","background-media":"","overlay-type":"","overlay-color":"","overlay-opacity":"","overlay-gradient":""}},"ast-content-background-meta":{"desktop":{"background-color":"var(--ast-global-color-4)","background-image":"","background-repeat":"repeat","background-position":"center center","background-size":"auto","background-attachment":"scroll","background-type":"","background-media":"","overlay-type":"","overlay-color":"","overlay-opacity":"","overlay-gradient":""},"tablet":{"background-color":"var(--ast-global-color-4)","background-image":"","background-repeat":"repeat","background-position":"center center","background-size":"auto","background-attachment":"scroll","background-type":"","background-media":"","overlay-type":"","overlay-color":"","overlay-opacity":"","overlay-gradient":""},"mobile":{"background-color":"var(--ast-global-color-4)","background-image":"","background-repeat":"repeat","background-position":"center center","background-size":"auto","background-attachment":"scroll","background-type":"","background-media":"","overlay-type":"","overlay-color":"","overlay-opacity":"","overlay-gradient":""}}},"product_brand":[169],"product_cat":[345,352],"product_tag":[],"class_list":{"0":"post-19424","1":"product","2":"type-product","3":"status-publish","4":"has-post-thumbnail","6":"product_brand-waterfeel","7":"product_cat-drogaria","8":"product_cat-lubrificantes","9":"desktop-align-left","10":"tablet-align-left","11":"mobile-align-left","13":"first","14":"instock","15":"shipping-taxable","16":"purchasable","17":"product-type-simple"},"_links":{"self":[{"href":"https:\/\/intimusdream.com\/index.php\/wp-json\/wp\/v2\/product\/19424","targetHints":{"allow":["GET"]}}],"collection":[{"href":"https:\/\/intimusdream.com\/index.php\/wp-json\/wp\/v2\/product"}],"about":[{"href":"https:\/\/intimusdream.com\/index.php\/wp-json\/wp\/v2\/types\/product"}],"replies":[{"embeddable":true,"href":"https:\/\/intimusdream.com\/index.php\/wp-json\/wp\/v2\/comments?post=19424"}],"wp:featuredmedia":[{"embeddable":true,"href":"https:\/\/intimusdream.com\/index.php\/wp-json\/wp\/v2\/media\/19423"}],"wp:attachment":[{"href":"https:\/\/intimusdream.com\/index.php\/wp-json\/wp\/v2\/media?parent=19424"}],"wp:term":[{"taxonomy":"product_brand","embeddable":true,"href":"https:\/\/intimusdream.com\/index.php\/wp-json\/wp\/v2\/product_brand?post=19424"},{"taxonomy":"product_cat","embeddable":true,"href":"https:\/\/intimusdream.com\/index.php\/wp-json\/wp\/v2\/product_cat?post=19424"},{"taxonomy":"product_tag","embeddable":true,"href":"https:\/\/intimusdream.com\/index.php\/wp-json\/wp\/v2\/product_tag?post=19424"}],"curies":[{"name":"wp","href":"https:\/\/api.w.org\/{rel}","templated":true}]}}