{"id":19634,"date":"2025-07-21T07:24:40","date_gmt":"2025-07-21T07:24:40","guid":{"rendered":"https:\/\/intimusdream.com\/index.php\/produto\/pretty-love-franz-massager-e-vibrador-aplicativo-gratuito-roxo\/"},"modified":"2026-01-09T15:13:47","modified_gmt":"2026-01-09T15:13:47","slug":"pretty-love-franz-massager-e-vibrador-aplicativo-gratuito-roxo","status":"publish","type":"product","link":"https:\/\/intimusdream.com\/index.php\/produto\/pretty-love-franz-massager-e-vibrador-aplicativo-gratuito-roxo\/","title":{"rendered":"PRETTY LOVE &#8211; FRANZ MASSAGER E VIBRADOR APLICATIVO GRATUITO ROXO"},"content":{"rendered":"<p><strong>AMOR BONITO BW-022101HP<\/strong><br \/>\nEste massageador com design elegante ir\u00e1 satisfazer seus desejos mais profundos e tornar todas as suas fantasias uma realidade. Este vibrador tem motores duplos para que voc\u00ea possa controlar onde voc\u00ea prefere mais prazer e ter diferentes movimentos acontecendo ao mesmo tempo. Projetado para despertar suas fantasias e satisfazer sua mente, corpo e alma, este lindo vibrador \u00e9 perfeito para brincadeiras solo e divers\u00e3o em casal. Para ainda mais divers\u00e3o, h\u00e1 mais maneiras de brincar gra\u00e7as ao aplicativo gratuito Prettylove! O aplicativo desbloqueia recursos de brinquedos emocionantes atrav\u00e9s do seu telefone.<\/p>\n<p><strong><u>CARACTER\u00cdSTICAS<\/u>\u00a0:<\/strong><\/p>\n<ul>\n<li>Fun\u00e7\u00e3o: 10 fun\u00e7\u00f5es de vibra\u00e7\u00e3o Aplicativo m\u00f3vel Controle de longa dist\u00e2ncia<\/li>\n<li>Material: Silicone<\/li>\n<li>Pot\u00eancia: Carregamento USB magn\u00e9tico<\/li>\n<\/ul>\n<p>&nbsp;<\/p>\n","protected":false},"excerpt":{"rendered":"<p>AMOR BONITO BW-022101HP Este massageador com design elegante ir\u00e1 satisfazer seus desejos mais profundos e tornar todas as suas fantasias [&hellip;]<\/p>\n","protected":false},"featured_media":19633,"comment_status":"open","ping_status":"closed","template":"","meta":{"site-sidebar-layout":"default","site-content-layout":"","ast-site-content-layout":"default","site-content-style":"default","site-sidebar-style":"default","ast-global-header-display":"","ast-banner-title-visibility":"","ast-main-header-display":"","ast-hfb-above-header-display":"","ast-hfb-below-header-display":"","ast-hfb-mobile-header-display":"","site-post-title":"","ast-breadcrumbs-content":"","ast-featured-img":"","footer-sml-layout":"","theme-transparent-header-meta":"default","adv-header-id-meta":"","stick-header-meta":"","header-above-stick-meta":"","header-main-stick-meta":"","header-below-stick-meta":"","astra-migrate-meta-layouts":"set","ast-page-background-enabled":"default","ast-page-background-meta":{"desktop":{"background-color":"var(--ast-global-color-5)","background-image":"","background-repeat":"repeat","background-position":"center center","background-size":"auto","background-attachment":"scroll","background-type":"","background-media":"","overlay-type":"","overlay-color":"","overlay-opacity":"","overlay-gradient":""},"tablet":{"background-color":"","background-image":"","background-repeat":"repeat","background-position":"center center","background-size":"auto","background-attachment":"scroll","background-type":"","background-media":"","overlay-type":"","overlay-color":"","overlay-opacity":"","overlay-gradient":""},"mobile":{"background-color":"","background-image":"","background-repeat":"repeat","background-position":"center center","background-size":"auto","background-attachment":"scroll","background-type":"","background-media":"","overlay-type":"","overlay-color":"","overlay-opacity":"","overlay-gradient":""}},"ast-content-background-meta":{"desktop":{"background-color":"var(--ast-global-color-4)","background-image":"","background-repeat":"repeat","background-position":"center center","background-size":"auto","background-attachment":"scroll","background-type":"","background-media":"","overlay-type":"","overlay-color":"","overlay-opacity":"","overlay-gradient":""},"tablet":{"background-color":"var(--ast-global-color-4)","background-image":"","background-repeat":"repeat","background-position":"center center","background-size":"auto","background-attachment":"scroll","background-type":"","background-media":"","overlay-type":"","overlay-color":"","overlay-opacity":"","overlay-gradient":""},"mobile":{"background-color":"var(--ast-global-color-4)","background-image":"","background-repeat":"repeat","background-position":"center center","background-size":"auto","background-attachment":"scroll","background-type":"","background-media":"","overlay-type":"","overlay-color":"","overlay-opacity":"","overlay-gradient":""}}},"product_brand":[422],"product_cat":[419,420],"product_tag":[],"class_list":{"0":"post-19634","1":"product","2":"type-product","3":"status-publish","4":"has-post-thumbnail","6":"product_brand-pretty-love","7":"product_cat-outlet","8":"product_cat-vibradores-com-app","9":"desktop-align-left","10":"tablet-align-left","11":"mobile-align-left","13":"first","14":"instock","15":"shipping-taxable","16":"purchasable","17":"product-type-simple"},"_links":{"self":[{"href":"https:\/\/intimusdream.com\/index.php\/wp-json\/wp\/v2\/product\/19634","targetHints":{"allow":["GET"]}}],"collection":[{"href":"https:\/\/intimusdream.com\/index.php\/wp-json\/wp\/v2\/product"}],"about":[{"href":"https:\/\/intimusdream.com\/index.php\/wp-json\/wp\/v2\/types\/product"}],"replies":[{"embeddable":true,"href":"https:\/\/intimusdream.com\/index.php\/wp-json\/wp\/v2\/comments?post=19634"}],"wp:featuredmedia":[{"embeddable":true,"href":"https:\/\/intimusdream.com\/index.php\/wp-json\/wp\/v2\/media\/19633"}],"wp:attachment":[{"href":"https:\/\/intimusdream.com\/index.php\/wp-json\/wp\/v2\/media?parent=19634"}],"wp:term":[{"taxonomy":"product_brand","embeddable":true,"href":"https:\/\/intimusdream.com\/index.php\/wp-json\/wp\/v2\/product_brand?post=19634"},{"taxonomy":"product_cat","embeddable":true,"href":"https:\/\/intimusdream.com\/index.php\/wp-json\/wp\/v2\/product_cat?post=19634"},{"taxonomy":"product_tag","embeddable":true,"href":"https:\/\/intimusdream.com\/index.php\/wp-json\/wp\/v2\/product_tag?post=19634"}],"curies":[{"name":"wp","href":"https:\/\/api.w.org\/{rel}","templated":true}]}}