{"id":19731,"date":"2025-07-21T13:33:39","date_gmt":"2025-07-21T13:33:39","guid":{"rendered":"https:\/\/intimusdream.com\/index.php\/produto\/fun-function-bunny-funny-vibration-2-0\/"},"modified":"2026-01-09T15:11:38","modified_gmt":"2026-01-09T15:11:38","slug":"fun-function-bunny-funny-vibration-2-0","status":"publish","type":"product","link":"https:\/\/intimusdream.com\/index.php\/produto\/fun-function-bunny-funny-vibration-2-0\/","title":{"rendered":"FUN FUNCTION &#8211; BUNNY FUNNY VIBRATION 2.0"},"content":{"rendered":"<p>A revolu\u00e7\u00e3o BUNNY FUCTION chegou!<\/p>\n<p>Criatividade, novidade e divers\u00e3o. Junte-se \u00e0 nova saga de estimuladores do clit\u00f3ris e sinta o que ser\u00e1, sem d\u00favida, a experi\u00eancia de sexo oral mais realista que voc\u00ea j\u00e1 sentiu at\u00e9 hoje.<\/p>\n<p>O sistema multifuncional Squeel incorpora diferentes padr\u00f5es de movimento e \u00e9 ajust\u00e1vel em posi\u00e7\u00f5es, para que tudo fique onde toca.<\/p>\n<p>A gama FUNNY VIBRATION incorpora uma vibra\u00e7\u00e3o extremamente potente visto que o seu forte motor est\u00e1 posicionado mesmo na ponta, gerando ondas de prazer mais profundas. Mais uma grande vers\u00e3o da marca FUN FUCTION. Seu acabamento premium supermacio de silicone \u00e9 uma vantagem para os orgasmos mais exigentes.<\/p>\n<ul>\n<li>Cabe\u00e7a flex\u00edvel<\/li>\n<li>Recarreg\u00e1vel USB<\/li>\n<li>Silicone supermacio<\/li>\n<li>Estimula\u00e7\u00e3o clitoriana<\/li>\n<li>Motor potente<\/li>\n<li>Recarreg\u00e1vel USB<\/li>\n<li>ABS hipoalerg\u00eanico<\/li>\n<li>7 modos de vibra\u00e7\u00e3o<\/li>\n<li>7 modos de estimula\u00e7\u00e3o do clit\u00f3ris<\/li>\n<li>\u00c0 prova d&#8217;\u00e1gua<\/li>\n<li>Ergon\u00f4mico<\/li>\n<li>Material seguro para o corpo<\/li>\n<li>Ftalatos livres<\/li>\n<li>Comprimento total: 240 mm<\/li>\n<li>Peso: 230 gr<\/li>\n<\/ul>\n<p>Entre no clube das BUNNY GIRLS &#8230; o qu\u00e3o ENGRA\u00c7ADA voc\u00ea se sente hoje?<\/p>\n","protected":false},"excerpt":{"rendered":"<p>A revolu\u00e7\u00e3o BUNNY FUCTION chegou! Criatividade, novidade e divers\u00e3o. Junte-se \u00e0 nova saga de estimuladores do clit\u00f3ris e sinta o [&hellip;]<\/p>\n","protected":false},"featured_media":19730,"comment_status":"open","ping_status":"closed","template":"","meta":{"site-sidebar-layout":"default","site-content-layout":"","ast-site-content-layout":"default","site-content-style":"default","site-sidebar-style":"default","ast-global-header-display":"","ast-banner-title-visibility":"","ast-main-header-display":"","ast-hfb-above-header-display":"","ast-hfb-below-header-display":"","ast-hfb-mobile-header-display":"","site-post-title":"","ast-breadcrumbs-content":"","ast-featured-img":"","footer-sml-layout":"","theme-transparent-header-meta":"default","adv-header-id-meta":"","stick-header-meta":"","header-above-stick-meta":"","header-main-stick-meta":"","header-below-stick-meta":"","astra-migrate-meta-layouts":"set","ast-page-background-enabled":"default","ast-page-background-meta":{"desktop":{"background-color":"var(--ast-global-color-5)","background-image":"","background-repeat":"repeat","background-position":"center center","background-size":"auto","background-attachment":"scroll","background-type":"","background-media":"","overlay-type":"","overlay-color":"","overlay-opacity":"","overlay-gradient":""},"tablet":{"background-color":"","background-image":"","background-repeat":"repeat","background-position":"center center","background-size":"auto","background-attachment":"scroll","background-type":"","background-media":"","overlay-type":"","overlay-color":"","overlay-opacity":"","overlay-gradient":""},"mobile":{"background-color":"","background-image":"","background-repeat":"repeat","background-position":"center center","background-size":"auto","background-attachment":"scroll","background-type":"","background-media":"","overlay-type":"","overlay-color":"","overlay-opacity":"","overlay-gradient":""}},"ast-content-background-meta":{"desktop":{"background-color":"var(--ast-global-color-4)","background-image":"","background-repeat":"repeat","background-position":"center center","background-size":"auto","background-attachment":"scroll","background-type":"","background-media":"","overlay-type":"","overlay-color":"","overlay-opacity":"","overlay-gradient":""},"tablet":{"background-color":"var(--ast-global-color-4)","background-image":"","background-repeat":"repeat","background-position":"center center","background-size":"auto","background-attachment":"scroll","background-type":"","background-media":"","overlay-type":"","overlay-color":"","overlay-opacity":"","overlay-gradient":""},"mobile":{"background-color":"var(--ast-global-color-4)","background-image":"","background-repeat":"repeat","background-position":"center center","background-size":"auto","background-attachment":"scroll","background-type":"","background-media":"","overlay-type":"","overlay-color":"","overlay-opacity":"","overlay-gradient":""}}},"product_brand":[441],"product_cat":[429],"product_tag":[],"class_list":{"0":"post-19731","1":"product","2":"type-product","3":"status-publish","4":"has-post-thumbnail","6":"product_brand-fun-function","7":"product_cat-vibradores-hi-tech","8":"desktop-align-left","9":"tablet-align-left","10":"mobile-align-left","12":"first","13":"instock","14":"shipping-taxable","15":"purchasable","16":"product-type-simple"},"_links":{"self":[{"href":"https:\/\/intimusdream.com\/index.php\/wp-json\/wp\/v2\/product\/19731","targetHints":{"allow":["GET"]}}],"collection":[{"href":"https:\/\/intimusdream.com\/index.php\/wp-json\/wp\/v2\/product"}],"about":[{"href":"https:\/\/intimusdream.com\/index.php\/wp-json\/wp\/v2\/types\/product"}],"replies":[{"embeddable":true,"href":"https:\/\/intimusdream.com\/index.php\/wp-json\/wp\/v2\/comments?post=19731"}],"wp:featuredmedia":[{"embeddable":true,"href":"https:\/\/intimusdream.com\/index.php\/wp-json\/wp\/v2\/media\/19730"}],"wp:attachment":[{"href":"https:\/\/intimusdream.com\/index.php\/wp-json\/wp\/v2\/media?parent=19731"}],"wp:term":[{"taxonomy":"product_brand","embeddable":true,"href":"https:\/\/intimusdream.com\/index.php\/wp-json\/wp\/v2\/product_brand?post=19731"},{"taxonomy":"product_cat","embeddable":true,"href":"https:\/\/intimusdream.com\/index.php\/wp-json\/wp\/v2\/product_cat?post=19731"},{"taxonomy":"product_tag","embeddable":true,"href":"https:\/\/intimusdream.com\/index.php\/wp-json\/wp\/v2\/product_tag?post=19731"}],"curies":[{"name":"wp","href":"https:\/\/api.w.org\/{rel}","templated":true}]}}