{"id":19733,"date":"2025-07-21T13:33:41","date_gmt":"2025-07-21T13:33:41","guid":{"rendered":"https:\/\/intimusdream.com\/index.php\/produto\/happy-loky-miki-rabbit\/"},"modified":"2026-01-09T15:11:42","modified_gmt":"2026-01-09T15:11:42","slug":"happy-loky-miki-rabbit","status":"publish","type":"product","link":"https:\/\/intimusdream.com\/index.php\/produto\/happy-loky-miki-rabbit\/","title":{"rendered":"HAPPY LOKY &#8211; MIKI RABBIT"},"content":{"rendered":"<p>Miky \u00e9 um vibrador Rabbit de toque macio e sedoso que estimula simultaneamente o clit\u00f3ris e o ponto G. Miki incorpora dois motores potentes e silenciosos que podem operar de forma independente e ter at\u00e9 7 padr\u00f5es diferentes de vibra\u00e7\u00e3o que estimulam simultaneamente ambos, clit\u00f3ris e ponto G.<\/p>\n<p>O silicone ultramacio e agrad\u00e1vel ao toque facilita a inser\u00e7\u00e3o do vibrador e \u00e9 \u00e0 prova d&#8217;\u00e1gua<\/p>\n<ul>\n<li>Silicone macio e sedoso<\/li>\n<li>Dois motores potentes<\/li>\n<li>Silencioso<\/li>\n<li>Submers\u00edvel<\/li>\n<li>Ponto G e estimula\u00e7\u00e3o do clit\u00f3ris<\/li>\n<li>Painel de LED retroiluminado.<\/li>\n<\/ul>\n<p>Recarreg\u00e1vel via USB com carregador inclu\u00eddo.<br \/>\nRevestidos com silicone macio e sedoso, os 3 vibradores s\u00e3o acompanhados por uma embalagem engenhosa, enquanto possuem um controle remoto perfeito para encantar a todos, Miky e Mini possuem uma cor jovem e viva com um painel de LED retroiluminado que indica tudo a cada momento o padr\u00e3o de vibra\u00e7\u00e3o em a\u00e7\u00e3o.<\/p>\n<p>1 ano de garantia.<\/p>\n<p>INFORMA\u00c7\u00c3O DO PRODUTO<\/p>\n<ul>\n<li>Comprimento: 19,5 cm<\/li>\n<li>Comprimento inser\u00edvel: 4 cm<\/li>\n<li>Di\u00e2metros: 5 e 3,5 cm<\/li>\n<li>Peso: 175 gr<\/li>\n<li>Material: Silicone e ABS<\/li>\n<li>Cor: Turquesa e prata<\/li>\n<li>Imperme\u00e1vel: Sim<\/li>\n<li>Bateria: recarreg\u00e1vel por USB<\/li>\n<\/ul>\n<p style=\"text-align: center;\">\n","protected":false},"excerpt":{"rendered":"<p>Miky \u00e9 um vibrador Rabbit de toque macio e sedoso que estimula simultaneamente o clit\u00f3ris e o ponto G. Miki [&hellip;]<\/p>\n","protected":false},"featured_media":19732,"comment_status":"open","ping_status":"closed","template":"","meta":{"site-sidebar-layout":"default","site-content-layout":"","ast-site-content-layout":"default","site-content-style":"default","site-sidebar-style":"default","ast-global-header-display":"","ast-banner-title-visibility":"","ast-main-header-display":"","ast-hfb-above-header-display":"","ast-hfb-below-header-display":"","ast-hfb-mobile-header-display":"","site-post-title":"","ast-breadcrumbs-content":"","ast-featured-img":"","footer-sml-layout":"","theme-transparent-header-meta":"default","adv-header-id-meta":"","stick-header-meta":"","header-above-stick-meta":"","header-main-stick-meta":"","header-below-stick-meta":"","astra-migrate-meta-layouts":"set","ast-page-background-enabled":"default","ast-page-background-meta":{"desktop":{"background-color":"var(--ast-global-color-5)","background-image":"","background-repeat":"repeat","background-position":"center center","background-size":"auto","background-attachment":"scroll","background-type":"","background-media":"","overlay-type":"","overlay-color":"","overlay-opacity":"","overlay-gradient":""},"tablet":{"background-color":"","background-image":"","background-repeat":"repeat","background-position":"center center","background-size":"auto","background-attachment":"scroll","background-type":"","background-media":"","overlay-type":"","overlay-color":"","overlay-opacity":"","overlay-gradient":""},"mobile":{"background-color":"","background-image":"","background-repeat":"repeat","background-position":"center center","background-size":"auto","background-attachment":"scroll","background-type":"","background-media":"","overlay-type":"","overlay-color":"","overlay-opacity":"","overlay-gradient":""}},"ast-content-background-meta":{"desktop":{"background-color":"var(--ast-global-color-4)","background-image":"","background-repeat":"repeat","background-position":"center center","background-size":"auto","background-attachment":"scroll","background-type":"","background-media":"","overlay-type":"","overlay-color":"","overlay-opacity":"","overlay-gradient":""},"tablet":{"background-color":"var(--ast-global-color-4)","background-image":"","background-repeat":"repeat","background-position":"center center","background-size":"auto","background-attachment":"scroll","background-type":"","background-media":"","overlay-type":"","overlay-color":"","overlay-opacity":"","overlay-gradient":""},"mobile":{"background-color":"var(--ast-global-color-4)","background-image":"","background-repeat":"repeat","background-position":"center center","background-size":"auto","background-attachment":"scroll","background-type":"","background-media":"","overlay-type":"","overlay-color":"","overlay-opacity":"","overlay-gradient":""}}},"product_brand":[442],"product_cat":[429],"product_tag":[],"class_list":{"0":"post-19733","1":"product","2":"type-product","3":"status-publish","4":"has-post-thumbnail","6":"product_brand-happy-loky","7":"product_cat-vibradores-hi-tech","8":"desktop-align-left","9":"tablet-align-left","10":"mobile-align-left","12":"first","13":"instock","14":"shipping-taxable","15":"purchasable","16":"product-type-simple"},"_links":{"self":[{"href":"https:\/\/intimusdream.com\/index.php\/wp-json\/wp\/v2\/product\/19733","targetHints":{"allow":["GET"]}}],"collection":[{"href":"https:\/\/intimusdream.com\/index.php\/wp-json\/wp\/v2\/product"}],"about":[{"href":"https:\/\/intimusdream.com\/index.php\/wp-json\/wp\/v2\/types\/product"}],"replies":[{"embeddable":true,"href":"https:\/\/intimusdream.com\/index.php\/wp-json\/wp\/v2\/comments?post=19733"}],"wp:featuredmedia":[{"embeddable":true,"href":"https:\/\/intimusdream.com\/index.php\/wp-json\/wp\/v2\/media\/19732"}],"wp:attachment":[{"href":"https:\/\/intimusdream.com\/index.php\/wp-json\/wp\/v2\/media?parent=19733"}],"wp:term":[{"taxonomy":"product_brand","embeddable":true,"href":"https:\/\/intimusdream.com\/index.php\/wp-json\/wp\/v2\/product_brand?post=19733"},{"taxonomy":"product_cat","embeddable":true,"href":"https:\/\/intimusdream.com\/index.php\/wp-json\/wp\/v2\/product_cat?post=19733"},{"taxonomy":"product_tag","embeddable":true,"href":"https:\/\/intimusdream.com\/index.php\/wp-json\/wp\/v2\/product_tag?post=19733"}],"curies":[{"name":"wp","href":"https:\/\/api.w.org\/{rel}","templated":true}]}}