{"id":19813,"date":"2025-07-21T13:34:22","date_gmt":"2025-07-21T13:34:22","guid":{"rendered":"https:\/\/intimusdream.com\/index.php\/produto\/fetish-fantasy-series-mquina-de-sexo-porttil-srie\/"},"modified":"2025-12-04T09:28:50","modified_gmt":"2025-12-04T09:28:50","slug":"fetish-fantasy-series-mquina-de-sexo-porttil-srie","status":"publish","type":"product","link":"https:\/\/intimusdream.com\/index.php\/produto\/fetish-fantasy-series-mquina-de-sexo-porttil-srie\/","title":{"rendered":"FETISH FANTASY SERIES &#8211; MQUINA DE SEXO PORTTIL S\u00c9RIE"},"content":{"rendered":"<p>Quando voc\u00ea est\u00e1 procurando uma m\u00e1quina de sexo adequada para viagens que possa operar com qualquer corrente el\u00e9trica do mundo, a M\u00e1quina de Sexo Port\u00e1til Internacional Fetish Fantasy Series \u00e9 a escolha perfeita para satisfa\u00e7\u00e3o instant\u00e2nea! Ao contr\u00e1rio de m\u00e1quinas de foder el\u00e9tricas maiores e mais volumosas, este simulador de sexo port\u00e1til cabe facilmente na sua mala e possui um adaptador de energia universal para suportar tens\u00f5es multipadr\u00e3o com seguran\u00e7a em quase todos os pa\u00edses. Com um protetor contra surtos integrado, o conversor global permite que voc\u00ea desfrute de um desempenho de plug-in poderoso e port\u00e1til em qualquer lugar do mundo!<\/p>\n<p>N\u00e3o se deixe enganar pelo tamanho &#8211; esta \u00e9 a m\u00e1quina de sexo port\u00e1til de \u00faltima gera\u00e7\u00e3o constru\u00edda para funcionar! Com apenas 9,5 polegadas de comprimento e pesando apenas 3 libras, esta m\u00e1quina de sexo movida a pist\u00e3o possui 4 ventosas superfortes, 2 vibradores intercambi\u00e1veis sem ftalato, 2 p\u00e9s de velcro ajust\u00e1veis e estribos de m\u00e3o, uma al\u00e7a de transporte conveniente e um poderoso Vibrador plug-in alimentado por USB que funciona como controlador da m\u00e1quina. Perfeito para estimula\u00e7\u00e3o interna ou externa, a vibra\u00e7\u00e3o do controlador superforte \u00e9 feita de silicone seguro para o corpo e possui controles separados para a pot\u00eancia da vibra\u00e7\u00e3o e a intensidade da m\u00e1quina.<\/p>\n<p>Esta unidade de impulso compacta possui um cabo de alimenta\u00e7\u00e3o americano integrado e inclui um adaptador de alimenta\u00e7\u00e3o universal que torna a m\u00e1quina compat\u00edvel, mas n\u00e3o se limitando a, Europa, Reino Unido, China, Jap\u00e3o, M\u00e9xico, Am\u00e9rica do Sul e Austr\u00e1lia. A Sex Machine opera em 100&#8211;240V e, ao escolher diferentes varia\u00e7\u00f5es de pinos no adaptador universal, sua m\u00e1quina de sexo port\u00e1til se adaptar\u00e1 facilmente aos requisitos de voltagem de qualquer pa\u00eds. Voc\u00ea pode levar a m\u00e1quina discretamente para onde quer que v\u00e1, com total confian\u00e7a, sem se preocupar com compatibilidade de energia ou portabilidade.<\/p>\n<p>O impulso suave e r\u00edtmico do eixo acionado por pist\u00e3o de alta pot\u00eancia \u00e9 programado para atingir sempre o ponto certo! Na velocidade mais lenta, a Sex Machine oferece 75 estocadas por minuto. Na velocidade mais r\u00e1pida, s\u00e3o 183 impulsos por minuto. Ao contr\u00e1rio de qualquer outra m\u00e1quina de sexo no mercado, a M\u00e1quina de Sexo Port\u00e1til Internacional apresenta um par de estribos de velcro ajust\u00e1veis, permitindo que os p\u00e9s do usu\u00e1rio aproximem a m\u00e1quina de sexo de seu corpo para a estimula\u00e7\u00e3o mais intensa e com as m\u00e3os livres j\u00e1 imaginada. Mas esta incr\u00edvel m\u00e1quina de sexo n\u00e3o \u00e9 apenas um brinquedo sofisticado &#8211; o dispositivo vers\u00e1til possui 4 ventosas e uma al\u00e7a de viagem que proporcionar\u00e1 aos usu\u00e1rios infinitas possibilidades de prazer!<\/p>\n<p>O plug-in vibe alimentado por USB \u00e9 um acess\u00f3rio dois em um que combina estimula\u00e7\u00e3o externa com controles de precis\u00e3o. A vibra\u00e7\u00e3o habilmente curvada n\u00e3o apenas vibra &#8211; ela tamb\u00e9m funciona como controlador de m\u00faltiplas velocidades para a a\u00e7\u00e3o de impulso ajust\u00e1vel da m\u00e1quina de sexo. Escolha a velocidade certa para voc\u00ea no dial da vibra\u00e7\u00e3o e deixe que os impulsos poderosos da m\u00e1quina o levem embora! As ventosas superfortes da unidade aderem a praticamente qualquer superf\u00edcie plana \u2013 pisos, mesas, cadeiras, bancadas, paredes ou azulejos. Use a m\u00e1quina sozinho ou com um parceiro e deixe a sua imagina\u00e7\u00e3o explorar novas posi\u00e7\u00f5es que voc\u00ea nunca imaginou serem poss\u00edveis! A M\u00e1quina de Sexo Port\u00e1til Internacional vem em uma conveniente bolsa de viagem de couro com fechadura e chaveiro \u00famido. O kit tamb\u00e9m inclui amostras gr\u00e1tis de Moist Body Lotion e Refresh Toy Cleaner, bem como um tickler de penas gr\u00e1tis e Satin Love Mask.<\/p>\n<p>A M\u00e1quina de Sexo Port\u00e1til Internacional inclui dois vibradores TPR sem ftalato que se fixam facilmente ao eixo do pist\u00e3o de prazer rosqueado da m\u00e1quina. Para limpar os consolos, basta desparafusar os consolos da haste de a\u00e7o e lavar suavemente com Refresh Toy Cleaner e \u00e1gua morna. Os vibradores TPR s\u00e3o isentos de ftalato, l\u00e1tex e seguros para o corpo.<\/p>\n<p>Sem necessidade de montagem, esta m\u00e1quina de sexo port\u00e1til internacional de alta tecnologia est\u00e1 pronta para arrasar assim que sai da caixa. Basta conect\u00e1-lo (com ou sem o adaptador inclu\u00eddo), prender os p\u00e9s, escolher uma velocidade no dial do vibe e desfrutar da m\u00e1quina de sexo mais realista j\u00e1 criada!<\/p>\n<p style=\"text-align: center;\"><img fetchpriority=\"high\" decoding=\"async\" class=\"alignleft size-medium wp-image-19829\" src=\"https:\/\/intimusdream.com\/wp-content\/uploads\/2025\/07\/img_19803_b3410954790bde34a9bfc381ad6c4138_1-1-300x300.jpg\" alt=\"\" width=\"300\" height=\"300\" srcset=\"https:\/\/intimusdream.com\/wp-content\/uploads\/2025\/07\/img_19803_b3410954790bde34a9bfc381ad6c4138_1-1-300x300.jpg 300w, https:\/\/intimusdream.com\/wp-content\/uploads\/2025\/07\/img_19803_b3410954790bde34a9bfc381ad6c4138_1-1-150x150.jpg 150w, https:\/\/intimusdream.com\/wp-content\/uploads\/2025\/07\/img_19803_b3410954790bde34a9bfc381ad6c4138_1-1-768x768.jpg 768w, https:\/\/intimusdream.com\/wp-content\/uploads\/2025\/07\/img_19803_b3410954790bde34a9bfc381ad6c4138_1-1-600x600.jpg 600w, https:\/\/intimusdream.com\/wp-content\/uploads\/2025\/07\/img_19803_b3410954790bde34a9bfc381ad6c4138_1-1-100x100.jpg 100w, https:\/\/intimusdream.com\/wp-content\/uploads\/2025\/07\/img_19803_b3410954790bde34a9bfc381ad6c4138_1-1.jpg 900w\" sizes=\"(max-width: 300px) 100vw, 300px\" \/> <img decoding=\"async\" class=\"alignnone size-medium wp-image-19830\" src=\"https:\/\/intimusdream.com\/wp-content\/uploads\/2025\/07\/img_19804_690c8e8767ef02f78d8c244736957344_1-300x300.jpg\" alt=\"\" width=\"300\" height=\"300\" srcset=\"https:\/\/intimusdream.com\/wp-content\/uploads\/2025\/07\/img_19804_690c8e8767ef02f78d8c244736957344_1-300x300.jpg 300w, https:\/\/intimusdream.com\/wp-content\/uploads\/2025\/07\/img_19804_690c8e8767ef02f78d8c244736957344_1-150x150.jpg 150w, https:\/\/intimusdream.com\/wp-content\/uploads\/2025\/07\/img_19804_690c8e8767ef02f78d8c244736957344_1-768x768.jpg 768w, https:\/\/intimusdream.com\/wp-content\/uploads\/2025\/07\/img_19804_690c8e8767ef02f78d8c244736957344_1-600x600.jpg 600w, https:\/\/intimusdream.com\/wp-content\/uploads\/2025\/07\/img_19804_690c8e8767ef02f78d8c244736957344_1-100x100.jpg 100w, https:\/\/intimusdream.com\/wp-content\/uploads\/2025\/07\/img_19804_690c8e8767ef02f78d8c244736957344_1.jpg 900w\" sizes=\"(max-width: 300px) 100vw, 300px\" \/> <img decoding=\"async\" class=\"alignnone size-medium wp-image-19831\" src=\"https:\/\/intimusdream.com\/wp-content\/uploads\/2025\/07\/img_19805_0e212295316852fd3476bf00ae48a4aa_1-300x300.jpg\" alt=\"\" width=\"300\" height=\"300\" srcset=\"https:\/\/intimusdream.com\/wp-content\/uploads\/2025\/07\/img_19805_0e212295316852fd3476bf00ae48a4aa_1-300x300.jpg 300w, https:\/\/intimusdream.com\/wp-content\/uploads\/2025\/07\/img_19805_0e212295316852fd3476bf00ae48a4aa_1-150x150.jpg 150w, https:\/\/intimusdream.com\/wp-content\/uploads\/2025\/07\/img_19805_0e212295316852fd3476bf00ae48a4aa_1-768x768.jpg 768w, https:\/\/intimusdream.com\/wp-content\/uploads\/2025\/07\/img_19805_0e212295316852fd3476bf00ae48a4aa_1-600x600.jpg 600w, https:\/\/intimusdream.com\/wp-content\/uploads\/2025\/07\/img_19805_0e212295316852fd3476bf00ae48a4aa_1-100x100.jpg 100w, https:\/\/intimusdream.com\/wp-content\/uploads\/2025\/07\/img_19805_0e212295316852fd3476bf00ae48a4aa_1.jpg 900w\" sizes=\"(max-width: 300px) 100vw, 300px\" \/> <img loading=\"lazy\" decoding=\"async\" class=\"alignnone size-medium wp-image-19832\" src=\"https:\/\/intimusdream.com\/wp-content\/uploads\/2025\/07\/img_19806_f791b64268601362e6a0e3eccfccbb06_1-300x300.jpg\" alt=\"\" width=\"300\" height=\"300\" srcset=\"https:\/\/intimusdream.com\/wp-content\/uploads\/2025\/07\/img_19806_f791b64268601362e6a0e3eccfccbb06_1-300x300.jpg 300w, https:\/\/intimusdream.com\/wp-content\/uploads\/2025\/07\/img_19806_f791b64268601362e6a0e3eccfccbb06_1-150x150.jpg 150w, https:\/\/intimusdream.com\/wp-content\/uploads\/2025\/07\/img_19806_f791b64268601362e6a0e3eccfccbb06_1-768x767.jpg 768w, https:\/\/intimusdream.com\/wp-content\/uploads\/2025\/07\/img_19806_f791b64268601362e6a0e3eccfccbb06_1-600x599.jpg 600w, https:\/\/intimusdream.com\/wp-content\/uploads\/2025\/07\/img_19806_f791b64268601362e6a0e3eccfccbb06_1-100x100.jpg 100w, https:\/\/intimusdream.com\/wp-content\/uploads\/2025\/07\/img_19806_f791b64268601362e6a0e3eccfccbb06_1.jpg 900w\" sizes=\"(max-width: 300px) 100vw, 300px\" \/> <img loading=\"lazy\" decoding=\"async\" class=\"alignnone size-medium wp-image-19833\" src=\"https:\/\/intimusdream.com\/wp-content\/uploads\/2025\/07\/img_19807_74c240e27c690a9cc161b1de8a275ee7_1-300x300.jpg\" alt=\"\" width=\"300\" height=\"300\" srcset=\"https:\/\/intimusdream.com\/wp-content\/uploads\/2025\/07\/img_19807_74c240e27c690a9cc161b1de8a275ee7_1-300x300.jpg 300w, https:\/\/intimusdream.com\/wp-content\/uploads\/2025\/07\/img_19807_74c240e27c690a9cc161b1de8a275ee7_1-150x150.jpg 150w, https:\/\/intimusdream.com\/wp-content\/uploads\/2025\/07\/img_19807_74c240e27c690a9cc161b1de8a275ee7_1-768x767.jpg 768w, https:\/\/intimusdream.com\/wp-content\/uploads\/2025\/07\/img_19807_74c240e27c690a9cc161b1de8a275ee7_1-600x599.jpg 600w, https:\/\/intimusdream.com\/wp-content\/uploads\/2025\/07\/img_19807_74c240e27c690a9cc161b1de8a275ee7_1-100x100.jpg 100w, https:\/\/intimusdream.com\/wp-content\/uploads\/2025\/07\/img_19807_74c240e27c690a9cc161b1de8a275ee7_1.jpg 900w\" sizes=\"(max-width: 300px) 100vw, 300px\" \/> <img loading=\"lazy\" decoding=\"async\" class=\"alignnone size-medium wp-image-19834\" src=\"https:\/\/intimusdream.com\/wp-content\/uploads\/2025\/07\/img_19808_0aab179e7f7f82722d1966a2e791fd75_1-300x300.jpg\" alt=\"\" width=\"300\" height=\"300\" srcset=\"https:\/\/intimusdream.com\/wp-content\/uploads\/2025\/07\/img_19808_0aab179e7f7f82722d1966a2e791fd75_1-300x300.jpg 300w, https:\/\/intimusdream.com\/wp-content\/uploads\/2025\/07\/img_19808_0aab179e7f7f82722d1966a2e791fd75_1-150x150.jpg 150w, https:\/\/intimusdream.com\/wp-content\/uploads\/2025\/07\/img_19808_0aab179e7f7f82722d1966a2e791fd75_1-768x769.jpg 768w, https:\/\/intimusdream.com\/wp-content\/uploads\/2025\/07\/img_19808_0aab179e7f7f82722d1966a2e791fd75_1-600x601.jpg 600w, https:\/\/intimusdream.com\/wp-content\/uploads\/2025\/07\/img_19808_0aab179e7f7f82722d1966a2e791fd75_1-100x100.jpg 100w, https:\/\/intimusdream.com\/wp-content\/uploads\/2025\/07\/img_19808_0aab179e7f7f82722d1966a2e791fd75_1.jpg 899w\" sizes=\"(max-width: 300px) 100vw, 300px\" \/> <img loading=\"lazy\" decoding=\"async\" class=\"alignnone size-medium wp-image-19835\" src=\"https:\/\/intimusdream.com\/wp-content\/uploads\/2025\/07\/img_19809_6d14bf2ec47b77b277474df10ec41891_1-300x300.jpg\" alt=\"\" width=\"300\" height=\"300\" srcset=\"https:\/\/intimusdream.com\/wp-content\/uploads\/2025\/07\/img_19809_6d14bf2ec47b77b277474df10ec41891_1-300x300.jpg 300w, https:\/\/intimusdream.com\/wp-content\/uploads\/2025\/07\/img_19809_6d14bf2ec47b77b277474df10ec41891_1-150x150.jpg 150w, https:\/\/intimusdream.com\/wp-content\/uploads\/2025\/07\/img_19809_6d14bf2ec47b77b277474df10ec41891_1-768x768.jpg 768w, https:\/\/intimusdream.com\/wp-content\/uploads\/2025\/07\/img_19809_6d14bf2ec47b77b277474df10ec41891_1-600x600.jpg 600w, https:\/\/intimusdream.com\/wp-content\/uploads\/2025\/07\/img_19809_6d14bf2ec47b77b277474df10ec41891_1-100x100.jpg 100w, https:\/\/intimusdream.com\/wp-content\/uploads\/2025\/07\/img_19809_6d14bf2ec47b77b277474df10ec41891_1.jpg 900w\" sizes=\"(max-width: 300px) 100vw, 300px\" \/> <img loading=\"lazy\" decoding=\"async\" class=\"alignnone size-medium wp-image-19836\" src=\"https:\/\/intimusdream.com\/wp-content\/uploads\/2025\/07\/img_19810_47003c01db1883a2c6f8446af345f3bc_1-300x300.jpg\" alt=\"\" width=\"300\" height=\"300\" srcset=\"https:\/\/intimusdream.com\/wp-content\/uploads\/2025\/07\/img_19810_47003c01db1883a2c6f8446af345f3bc_1-300x300.jpg 300w, https:\/\/intimusdream.com\/wp-content\/uploads\/2025\/07\/img_19810_47003c01db1883a2c6f8446af345f3bc_1-150x150.jpg 150w, https:\/\/intimusdream.com\/wp-content\/uploads\/2025\/07\/img_19810_47003c01db1883a2c6f8446af345f3bc_1-768x768.jpg 768w, https:\/\/intimusdream.com\/wp-content\/uploads\/2025\/07\/img_19810_47003c01db1883a2c6f8446af345f3bc_1-600x600.jpg 600w, https:\/\/intimusdream.com\/wp-content\/uploads\/2025\/07\/img_19810_47003c01db1883a2c6f8446af345f3bc_1-100x100.jpg 100w, https:\/\/intimusdream.com\/wp-content\/uploads\/2025\/07\/img_19810_47003c01db1883a2c6f8446af345f3bc_1.jpg 900w\" sizes=\"(max-width: 300px) 100vw, 300px\" \/> <img loading=\"lazy\" decoding=\"async\" class=\"alignnone size-medium wp-image-19837\" src=\"https:\/\/intimusdream.com\/wp-content\/uploads\/2025\/07\/img_19811_4d84b6655a96b710fda2bb54bfc6491a_1-300x300.jpg\" alt=\"\" width=\"300\" height=\"300\" srcset=\"https:\/\/intimusdream.com\/wp-content\/uploads\/2025\/07\/img_19811_4d84b6655a96b710fda2bb54bfc6491a_1-300x300.jpg 300w, https:\/\/intimusdream.com\/wp-content\/uploads\/2025\/07\/img_19811_4d84b6655a96b710fda2bb54bfc6491a_1-150x150.jpg 150w, https:\/\/intimusdream.com\/wp-content\/uploads\/2025\/07\/img_19811_4d84b6655a96b710fda2bb54bfc6491a_1-768x768.jpg 768w, https:\/\/intimusdream.com\/wp-content\/uploads\/2025\/07\/img_19811_4d84b6655a96b710fda2bb54bfc6491a_1-600x600.jpg 600w, https:\/\/intimusdream.com\/wp-content\/uploads\/2025\/07\/img_19811_4d84b6655a96b710fda2bb54bfc6491a_1-100x100.jpg 100w, https:\/\/intimusdream.com\/wp-content\/uploads\/2025\/07\/img_19811_4d84b6655a96b710fda2bb54bfc6491a_1.jpg 900w\" sizes=\"(max-width: 300px) 100vw, 300px\" \/> <img loading=\"lazy\" decoding=\"async\" class=\"alignnone size-medium wp-image-19838\" src=\"https:\/\/intimusdream.com\/wp-content\/uploads\/2025\/07\/img_19812_a92e7e89eb62cf817b5bf918915c2f0a_1-300x300.jpg\" alt=\"\" width=\"300\" height=\"300\" srcset=\"https:\/\/intimusdream.com\/wp-content\/uploads\/2025\/07\/img_19812_a92e7e89eb62cf817b5bf918915c2f0a_1-300x300.jpg 300w, https:\/\/intimusdream.com\/wp-content\/uploads\/2025\/07\/img_19812_a92e7e89eb62cf817b5bf918915c2f0a_1-150x150.jpg 150w, https:\/\/intimusdream.com\/wp-content\/uploads\/2025\/07\/img_19812_a92e7e89eb62cf817b5bf918915c2f0a_1-768x768.jpg 768w, https:\/\/intimusdream.com\/wp-content\/uploads\/2025\/07\/img_19812_a92e7e89eb62cf817b5bf918915c2f0a_1-600x600.jpg 600w, https:\/\/intimusdream.com\/wp-content\/uploads\/2025\/07\/img_19812_a92e7e89eb62cf817b5bf918915c2f0a_1-100x100.jpg 100w, https:\/\/intimusdream.com\/wp-content\/uploads\/2025\/07\/img_19812_a92e7e89eb62cf817b5bf918915c2f0a_1.jpg 900w\" sizes=\"(max-width: 300px) 100vw, 300px\" \/> <img loading=\"lazy\" decoding=\"async\" class=\"alignnone size-medium wp-image-19839\" src=\"https:\/\/intimusdream.com\/wp-content\/uploads\/2025\/07\/img_19813_f4fb8204c39bedc44a913c5ffdfda15d_1-300x300.jpg\" alt=\"\" width=\"300\" height=\"300\" srcset=\"https:\/\/intimusdream.com\/wp-content\/uploads\/2025\/07\/img_19813_f4fb8204c39bedc44a913c5ffdfda15d_1-300x300.jpg 300w, https:\/\/intimusdream.com\/wp-content\/uploads\/2025\/07\/img_19813_f4fb8204c39bedc44a913c5ffdfda15d_1-150x150.jpg 150w, https:\/\/intimusdream.com\/wp-content\/uploads\/2025\/07\/img_19813_f4fb8204c39bedc44a913c5ffdfda15d_1-768x768.jpg 768w, https:\/\/intimusdream.com\/wp-content\/uploads\/2025\/07\/img_19813_f4fb8204c39bedc44a913c5ffdfda15d_1-600x600.jpg 600w, https:\/\/intimusdream.com\/wp-content\/uploads\/2025\/07\/img_19813_f4fb8204c39bedc44a913c5ffdfda15d_1-100x100.jpg 100w, https:\/\/intimusdream.com\/wp-content\/uploads\/2025\/07\/img_19813_f4fb8204c39bedc44a913c5ffdfda15d_1.jpg 900w\" sizes=\"(max-width: 300px) 100vw, 300px\" \/><\/p>\n","protected":false},"excerpt":{"rendered":"<p>Quando voc\u00ea est\u00e1 procurando uma m\u00e1quina de sexo adequada para viagens que possa operar com qualquer corrente el\u00e9trica do mundo, [&hellip;]<\/p>\n","protected":false},"featured_media":19812,"comment_status":"open","ping_status":"closed","template":"","meta":{"site-sidebar-layout":"default","site-content-layout":"","ast-site-content-layout":"default","site-content-style":"default","site-sidebar-style":"default","ast-global-header-display":"","ast-banner-title-visibility":"","ast-main-header-display":"","ast-hfb-above-header-display":"","ast-hfb-below-header-display":"","ast-hfb-mobile-header-display":"","site-post-title":"","ast-breadcrumbs-content":"","ast-featured-img":"","footer-sml-layout":"","theme-transparent-header-meta":"default","adv-header-id-meta":"","stick-header-meta":"","header-above-stick-meta":"","header-main-stick-meta":"","header-below-stick-meta":"","astra-migrate-meta-layouts":"set","ast-page-background-enabled":"default","ast-page-background-meta":{"desktop":{"background-color":"var(--ast-global-color-5)","background-image":"","background-repeat":"repeat","background-position":"center center","background-size":"auto","background-attachment":"scroll","background-type":"","background-media":"","overlay-type":"","overlay-color":"","overlay-opacity":"","overlay-gradient":""},"tablet":{"background-color":"","background-image":"","background-repeat":"repeat","background-position":"center center","background-size":"auto","background-attachment":"scroll","background-type":"","background-media":"","overlay-type":"","overlay-color":"","overlay-opacity":"","overlay-gradient":""},"mobile":{"background-color":"","background-image":"","background-repeat":"repeat","background-position":"center center","background-size":"auto","background-attachment":"scroll","background-type":"","background-media":"","overlay-type":"","overlay-color":"","overlay-opacity":"","overlay-gradient":""}},"ast-content-background-meta":{"desktop":{"background-color":"var(--ast-global-color-4)","background-image":"","background-repeat":"repeat","background-position":"center center","background-size":"auto","background-attachment":"scroll","background-type":"","background-media":"","overlay-type":"","overlay-color":"","overlay-opacity":"","overlay-gradient":""},"tablet":{"background-color":"var(--ast-global-color-4)","background-image":"","background-repeat":"repeat","background-position":"center center","background-size":"auto","background-attachment":"scroll","background-type":"","background-media":"","overlay-type":"","overlay-color":"","overlay-opacity":"","overlay-gradient":""},"mobile":{"background-color":"var(--ast-global-color-4)","background-image":"","background-repeat":"repeat","background-position":"center center","background-size":"auto","background-attachment":"scroll","background-type":"","background-media":"","overlay-type":"","overlay-color":"","overlay-opacity":"","overlay-gradient":""}}},"product_brand":[447],"product_cat":[429],"product_tag":[],"class_list":{"0":"post-19813","1":"product","2":"type-product","3":"status-publish","4":"has-post-thumbnail","6":"product_brand-fetish-fantasy-series","7":"product_cat-vibradores-hi-tech","8":"desktop-align-left","9":"tablet-align-left","10":"mobile-align-left","12":"first","13":"outofstock","14":"featured","15":"shipping-taxable","16":"purchasable","17":"product-type-simple"},"_links":{"self":[{"href":"https:\/\/intimusdream.com\/index.php\/wp-json\/wp\/v2\/product\/19813","targetHints":{"allow":["GET"]}}],"collection":[{"href":"https:\/\/intimusdream.com\/index.php\/wp-json\/wp\/v2\/product"}],"about":[{"href":"https:\/\/intimusdream.com\/index.php\/wp-json\/wp\/v2\/types\/product"}],"replies":[{"embeddable":true,"href":"https:\/\/intimusdream.com\/index.php\/wp-json\/wp\/v2\/comments?post=19813"}],"wp:featuredmedia":[{"embeddable":true,"href":"https:\/\/intimusdream.com\/index.php\/wp-json\/wp\/v2\/media\/19812"}],"wp:attachment":[{"href":"https:\/\/intimusdream.com\/index.php\/wp-json\/wp\/v2\/media?parent=19813"}],"wp:term":[{"taxonomy":"product_brand","embeddable":true,"href":"https:\/\/intimusdream.com\/index.php\/wp-json\/wp\/v2\/product_brand?post=19813"},{"taxonomy":"product_cat","embeddable":true,"href":"https:\/\/intimusdream.com\/index.php\/wp-json\/wp\/v2\/product_cat?post=19813"},{"taxonomy":"product_tag","embeddable":true,"href":"https:\/\/intimusdream.com\/index.php\/wp-json\/wp\/v2\/product_tag?post=19813"}],"curies":[{"name":"wp","href":"https:\/\/api.w.org\/{rel}","templated":true}]}}