{"id":19823,"date":"2025-07-21T13:34:29","date_gmt":"2025-07-21T13:34:29","guid":{"rendered":"https:\/\/intimusdream.com\/index.php\/produto\/zalo-varinha-kyro-verde\/"},"modified":"2026-01-09T15:23:57","modified_gmt":"2026-01-09T15:23:57","slug":"zalo-varinha-kyro-verde","status":"publish","type":"product","link":"https:\/\/intimusdream.com\/index.php\/produto\/zalo-varinha-kyro-verde\/","title":{"rendered":"ZALO &#8211; VARINHA KYRO VERDE"},"content":{"rendered":"<p>O massageador de varinha Kyro apresenta um design inspirado no cetro dos poderosos fara\u00f3s eg\u00edpcios. Transmitindo realeza e poder tanto est\u00e9tica quanto funcionalmente, Kyro apresenta a inovadora tecnologia Direct Power 2.0 da ZALO. Emitindo fortes vibra\u00e7\u00f5es concentradas na cabe\u00e7a da varinha para uma estimula\u00e7\u00e3o direta poderosa, o Kyro \u00e9 leve e f\u00e1cil de controlar.<\/p>\n<p>Kyro est\u00e1 equipado com dois acess\u00f3rios de silicone multifuncionais para ampliar as possibilidades de prazer. Com pot\u00eancia incompar\u00e1vel e design inovador, Kyro redefine a categoria de massageadores de varinha com qualidade superior.<\/p>\n<p><strong>ESPECIFICA\u00c7\u00d5ES<\/strong><\/p>\n<ul>\n<li>Silicone premium seguro para o corpo<\/li>\n<li>Tecnologia Direct Power 2.0<\/li>\n<li>2 acess\u00f3rios de silicone multifuncionais<\/li>\n<li>5 modos de vibra\u00e7\u00e3o<\/li>\n<li>6 velocidades<\/li>\n<li>Resistente \u00e0 \u00e1gua<\/li>\n<li>USB recarreg\u00e1vel<\/li>\n<li>Material: Silicone de n\u00edvel alimentar Dow Corning, ABS<\/li>\n<li>N\u00edvel m\u00e1ximo de ru\u00eddo: &lt;40dB<\/li>\n<li>Grau \u00e0 prova d?\u00e1gua: IPX4 ? protegido contra respingos de \u00e1gua<\/li>\n<li>Tempo de carregamento: 2 horas<\/li>\n<li>Vida \u00fatil da bateria: 2 horas de carga para 1-2 horas de uso<\/li>\n<\/ul>\n<p>Na caixa: Kyro, 2 acess\u00f3rios de silicone, cabo de carregamento USB, manual de instru\u00e7\u00f5es, cart\u00e3o de garantia<\/p>\n<p><strong>Tamanho e peso:<\/strong><br \/>\nComprimento total: 291mm<br \/>\nDi\u00e2metro da cabe\u00e7a de massagem: 53,5 mm<br \/>\nPeso: vibrador 322 g; Embalagem de 885 g inclu\u00edda<\/p>\n<p>N\u00e3o recomendamos o uso de lubrificantes \u00e0 base de silicone com nossos brinquedos de silicone, pois eles podem reagir negativamente entre si.<\/p>\n<p>&nbsp;<\/p>\n<p>ZALO \u00e9 uma marca de produtos \u00edntimos criada para o amor e a beleza, que demonstra o amor reverente \u00e0 vida e o grande esp\u00edrito feminista, inicia continuamente o valor do produto e a altura da marca e cria um gosto incomparavelmente luxuoso com concep\u00e7\u00e3o art\u00edstica est\u00e9tica, tecnologia profunda, materiais perfeitos e excelente usu\u00e1rio experi\u00eancia.<\/p>\n<p><img fetchpriority=\"high\" decoding=\"async\" class=\"alignleft size-medium wp-image-19840\" src=\"https:\/\/intimusdream.com\/wp-content\/uploads\/2025\/07\/img_141007_44582c1f794ed3a80c8cce704a83a7c8_1-300x300.jpg\" alt=\"\" width=\"300\" height=\"300\" srcset=\"https:\/\/intimusdream.com\/wp-content\/uploads\/2025\/07\/img_141007_44582c1f794ed3a80c8cce704a83a7c8_1-300x300.jpg 300w, https:\/\/intimusdream.com\/wp-content\/uploads\/2025\/07\/img_141007_44582c1f794ed3a80c8cce704a83a7c8_1-150x150.jpg 150w, https:\/\/intimusdream.com\/wp-content\/uploads\/2025\/07\/img_141007_44582c1f794ed3a80c8cce704a83a7c8_1-768x768.jpg 768w, https:\/\/intimusdream.com\/wp-content\/uploads\/2025\/07\/img_141007_44582c1f794ed3a80c8cce704a83a7c8_1-600x600.jpg 600w, https:\/\/intimusdream.com\/wp-content\/uploads\/2025\/07\/img_141007_44582c1f794ed3a80c8cce704a83a7c8_1-100x100.jpg 100w, https:\/\/intimusdream.com\/wp-content\/uploads\/2025\/07\/img_141007_44582c1f794ed3a80c8cce704a83a7c8_1.jpg 800w\" sizes=\"(max-width: 300px) 100vw, 300px\" \/> <img decoding=\"async\" class=\"alignleft size-medium wp-image-19841\" src=\"https:\/\/intimusdream.com\/wp-content\/uploads\/2025\/07\/img_141008_a467e4ba3c1b240249db97a1f8d52f71_1-300x300.jpg\" alt=\"\" width=\"300\" height=\"300\" srcset=\"https:\/\/intimusdream.com\/wp-content\/uploads\/2025\/07\/img_141008_a467e4ba3c1b240249db97a1f8d52f71_1-300x300.jpg 300w, https:\/\/intimusdream.com\/wp-content\/uploads\/2025\/07\/img_141008_a467e4ba3c1b240249db97a1f8d52f71_1-150x150.jpg 150w, https:\/\/intimusdream.com\/wp-content\/uploads\/2025\/07\/img_141008_a467e4ba3c1b240249db97a1f8d52f71_1-768x768.jpg 768w, https:\/\/intimusdream.com\/wp-content\/uploads\/2025\/07\/img_141008_a467e4ba3c1b240249db97a1f8d52f71_1-600x600.jpg 600w, https:\/\/intimusdream.com\/wp-content\/uploads\/2025\/07\/img_141008_a467e4ba3c1b240249db97a1f8d52f71_1-100x100.jpg 100w, https:\/\/intimusdream.com\/wp-content\/uploads\/2025\/07\/img_141008_a467e4ba3c1b240249db97a1f8d52f71_1.jpg 800w\" sizes=\"(max-width: 300px) 100vw, 300px\" \/> <img decoding=\"async\" class=\"alignleft size-medium wp-image-19842\" src=\"https:\/\/intimusdream.com\/wp-content\/uploads\/2025\/07\/img_141009_9b32fefe013da43ac1da50c77963d0d3_1-300x300.jpg\" alt=\"\" width=\"300\" height=\"300\" srcset=\"https:\/\/intimusdream.com\/wp-content\/uploads\/2025\/07\/img_141009_9b32fefe013da43ac1da50c77963d0d3_1-300x300.jpg 300w, https:\/\/intimusdream.com\/wp-content\/uploads\/2025\/07\/img_141009_9b32fefe013da43ac1da50c77963d0d3_1-150x150.jpg 150w, https:\/\/intimusdream.com\/wp-content\/uploads\/2025\/07\/img_141009_9b32fefe013da43ac1da50c77963d0d3_1-768x768.jpg 768w, https:\/\/intimusdream.com\/wp-content\/uploads\/2025\/07\/img_141009_9b32fefe013da43ac1da50c77963d0d3_1-600x600.jpg 600w, https:\/\/intimusdream.com\/wp-content\/uploads\/2025\/07\/img_141009_9b32fefe013da43ac1da50c77963d0d3_1-100x100.jpg 100w, https:\/\/intimusdream.com\/wp-content\/uploads\/2025\/07\/img_141009_9b32fefe013da43ac1da50c77963d0d3_1.jpg 800w\" sizes=\"(max-width: 300px) 100vw, 300px\" \/> <img loading=\"lazy\" decoding=\"async\" class=\"alignleft size-medium wp-image-19843\" src=\"https:\/\/intimusdream.com\/wp-content\/uploads\/2025\/07\/img_141010_6502e0bb5fac921e8be600820e16faaa_1-300x300.jpg\" alt=\"\" width=\"300\" height=\"300\" srcset=\"https:\/\/intimusdream.com\/wp-content\/uploads\/2025\/07\/img_141010_6502e0bb5fac921e8be600820e16faaa_1-300x300.jpg 300w, https:\/\/intimusdream.com\/wp-content\/uploads\/2025\/07\/img_141010_6502e0bb5fac921e8be600820e16faaa_1-150x150.jpg 150w, https:\/\/intimusdream.com\/wp-content\/uploads\/2025\/07\/img_141010_6502e0bb5fac921e8be600820e16faaa_1-768x768.jpg 768w, https:\/\/intimusdream.com\/wp-content\/uploads\/2025\/07\/img_141010_6502e0bb5fac921e8be600820e16faaa_1-600x600.jpg 600w, https:\/\/intimusdream.com\/wp-content\/uploads\/2025\/07\/img_141010_6502e0bb5fac921e8be600820e16faaa_1-100x100.jpg 100w, https:\/\/intimusdream.com\/wp-content\/uploads\/2025\/07\/img_141010_6502e0bb5fac921e8be600820e16faaa_1.jpg 800w\" sizes=\"(max-width: 300px) 100vw, 300px\" \/> <img loading=\"lazy\" decoding=\"async\" class=\"alignleft size-medium wp-image-19844\" src=\"https:\/\/intimusdream.com\/wp-content\/uploads\/2025\/07\/img_141011_e11f0bf4805fcb421816db18ca119e3c_1-300x300.jpg\" alt=\"\" width=\"300\" height=\"300\" srcset=\"https:\/\/intimusdream.com\/wp-content\/uploads\/2025\/07\/img_141011_e11f0bf4805fcb421816db18ca119e3c_1-300x300.jpg 300w, https:\/\/intimusdream.com\/wp-content\/uploads\/2025\/07\/img_141011_e11f0bf4805fcb421816db18ca119e3c_1-150x150.jpg 150w, https:\/\/intimusdream.com\/wp-content\/uploads\/2025\/07\/img_141011_e11f0bf4805fcb421816db18ca119e3c_1-768x768.jpg 768w, https:\/\/intimusdream.com\/wp-content\/uploads\/2025\/07\/img_141011_e11f0bf4805fcb421816db18ca119e3c_1-600x600.jpg 600w, https:\/\/intimusdream.com\/wp-content\/uploads\/2025\/07\/img_141011_e11f0bf4805fcb421816db18ca119e3c_1-100x100.jpg 100w, https:\/\/intimusdream.com\/wp-content\/uploads\/2025\/07\/img_141011_e11f0bf4805fcb421816db18ca119e3c_1.jpg 800w\" sizes=\"(max-width: 300px) 100vw, 300px\" \/> <img loading=\"lazy\" decoding=\"async\" class=\"alignleft size-medium wp-image-19845\" src=\"https:\/\/intimusdream.com\/wp-content\/uploads\/2025\/07\/img_141012_abcd904fa1b70836b787ac6823075339_1-300x300.jpg\" alt=\"\" width=\"300\" height=\"300\" srcset=\"https:\/\/intimusdream.com\/wp-content\/uploads\/2025\/07\/img_141012_abcd904fa1b70836b787ac6823075339_1-300x300.jpg 300w, https:\/\/intimusdream.com\/wp-content\/uploads\/2025\/07\/img_141012_abcd904fa1b70836b787ac6823075339_1-150x150.jpg 150w, https:\/\/intimusdream.com\/wp-content\/uploads\/2025\/07\/img_141012_abcd904fa1b70836b787ac6823075339_1-768x768.jpg 768w, https:\/\/intimusdream.com\/wp-content\/uploads\/2025\/07\/img_141012_abcd904fa1b70836b787ac6823075339_1-600x600.jpg 600w, https:\/\/intimusdream.com\/wp-content\/uploads\/2025\/07\/img_141012_abcd904fa1b70836b787ac6823075339_1-100x100.jpg 100w, https:\/\/intimusdream.com\/wp-content\/uploads\/2025\/07\/img_141012_abcd904fa1b70836b787ac6823075339_1.jpg 800w\" sizes=\"(max-width: 300px) 100vw, 300px\" \/> <img loading=\"lazy\" decoding=\"async\" class=\"alignleft size-medium wp-image-19846\" src=\"https:\/\/intimusdream.com\/wp-content\/uploads\/2025\/07\/img_141013_6b191d258fa8fffce6ec585d872a0589_1-300x300.jpg\" alt=\"\" width=\"300\" height=\"300\" srcset=\"https:\/\/intimusdream.com\/wp-content\/uploads\/2025\/07\/img_141013_6b191d258fa8fffce6ec585d872a0589_1-300x300.jpg 300w, https:\/\/intimusdream.com\/wp-content\/uploads\/2025\/07\/img_141013_6b191d258fa8fffce6ec585d872a0589_1-150x150.jpg 150w, https:\/\/intimusdream.com\/wp-content\/uploads\/2025\/07\/img_141013_6b191d258fa8fffce6ec585d872a0589_1-768x768.jpg 768w, https:\/\/intimusdream.com\/wp-content\/uploads\/2025\/07\/img_141013_6b191d258fa8fffce6ec585d872a0589_1-600x600.jpg 600w, https:\/\/intimusdream.com\/wp-content\/uploads\/2025\/07\/img_141013_6b191d258fa8fffce6ec585d872a0589_1-100x100.jpg 100w, https:\/\/intimusdream.com\/wp-content\/uploads\/2025\/07\/img_141013_6b191d258fa8fffce6ec585d872a0589_1.jpg 800w\" sizes=\"(max-width: 300px) 100vw, 300px\" \/> <img loading=\"lazy\" decoding=\"async\" class=\"alignleft size-medium wp-image-19847\" src=\"https:\/\/intimusdream.com\/wp-content\/uploads\/2025\/07\/img_141014_8fdbc15b729706ec18ab72c721fe07c4_1-300x300.jpg\" alt=\"\" width=\"300\" height=\"300\" srcset=\"https:\/\/intimusdream.com\/wp-content\/uploads\/2025\/07\/img_141014_8fdbc15b729706ec18ab72c721fe07c4_1-300x300.jpg 300w, https:\/\/intimusdream.com\/wp-content\/uploads\/2025\/07\/img_141014_8fdbc15b729706ec18ab72c721fe07c4_1-150x150.jpg 150w, https:\/\/intimusdream.com\/wp-content\/uploads\/2025\/07\/img_141014_8fdbc15b729706ec18ab72c721fe07c4_1-768x768.jpg 768w, https:\/\/intimusdream.com\/wp-content\/uploads\/2025\/07\/img_141014_8fdbc15b729706ec18ab72c721fe07c4_1-600x600.jpg 600w, https:\/\/intimusdream.com\/wp-content\/uploads\/2025\/07\/img_141014_8fdbc15b729706ec18ab72c721fe07c4_1-100x100.jpg 100w, https:\/\/intimusdream.com\/wp-content\/uploads\/2025\/07\/img_141014_8fdbc15b729706ec18ab72c721fe07c4_1.jpg 800w\" sizes=\"(max-width: 300px) 100vw, 300px\" \/> <img loading=\"lazy\" decoding=\"async\" class=\"alignleft size-medium wp-image-19848\" src=\"https:\/\/intimusdream.com\/wp-content\/uploads\/2025\/07\/img_141015_a17977f5fbcbbde856466731df406540_1-300x300.jpg\" alt=\"\" width=\"300\" height=\"300\" srcset=\"https:\/\/intimusdream.com\/wp-content\/uploads\/2025\/07\/img_141015_a17977f5fbcbbde856466731df406540_1-300x300.jpg 300w, https:\/\/intimusdream.com\/wp-content\/uploads\/2025\/07\/img_141015_a17977f5fbcbbde856466731df406540_1-150x150.jpg 150w, https:\/\/intimusdream.com\/wp-content\/uploads\/2025\/07\/img_141015_a17977f5fbcbbde856466731df406540_1-768x768.jpg 768w, https:\/\/intimusdream.com\/wp-content\/uploads\/2025\/07\/img_141015_a17977f5fbcbbde856466731df406540_1-600x600.jpg 600w, https:\/\/intimusdream.com\/wp-content\/uploads\/2025\/07\/img_141015_a17977f5fbcbbde856466731df406540_1-100x100.jpg 100w, https:\/\/intimusdream.com\/wp-content\/uploads\/2025\/07\/img_141015_a17977f5fbcbbde856466731df406540_1.jpg 800w\" sizes=\"(max-width: 300px) 100vw, 300px\" \/> <img loading=\"lazy\" decoding=\"async\" class=\"alignleft size-medium wp-image-19849\" src=\"https:\/\/intimusdream.com\/wp-content\/uploads\/2025\/07\/img_141016_8e11cb2fa665d5f77d130f37c4e93b6e_1-1-300x300.jpg\" alt=\"\" width=\"300\" height=\"300\" srcset=\"https:\/\/intimusdream.com\/wp-content\/uploads\/2025\/07\/img_141016_8e11cb2fa665d5f77d130f37c4e93b6e_1-1-300x300.jpg 300w, https:\/\/intimusdream.com\/wp-content\/uploads\/2025\/07\/img_141016_8e11cb2fa665d5f77d130f37c4e93b6e_1-1-150x150.jpg 150w, https:\/\/intimusdream.com\/wp-content\/uploads\/2025\/07\/img_141016_8e11cb2fa665d5f77d130f37c4e93b6e_1-1-768x768.jpg 768w, https:\/\/intimusdream.com\/wp-content\/uploads\/2025\/07\/img_141016_8e11cb2fa665d5f77d130f37c4e93b6e_1-1-600x600.jpg 600w, https:\/\/intimusdream.com\/wp-content\/uploads\/2025\/07\/img_141016_8e11cb2fa665d5f77d130f37c4e93b6e_1-1-100x100.jpg 100w, https:\/\/intimusdream.com\/wp-content\/uploads\/2025\/07\/img_141016_8e11cb2fa665d5f77d130f37c4e93b6e_1-1.jpg 800w\" sizes=\"(max-width: 300px) 100vw, 300px\" \/> <img loading=\"lazy\" decoding=\"async\" class=\"alignleft size-medium wp-image-19850\" src=\"https:\/\/intimusdream.com\/wp-content\/uploads\/2025\/07\/img_141017_29ec768349dcc4b676b4ff21ae070535_1-300x300.jpg\" alt=\"\" width=\"300\" height=\"300\" srcset=\"https:\/\/intimusdream.com\/wp-content\/uploads\/2025\/07\/img_141017_29ec768349dcc4b676b4ff21ae070535_1-300x300.jpg 300w, https:\/\/intimusdream.com\/wp-content\/uploads\/2025\/07\/img_141017_29ec768349dcc4b676b4ff21ae070535_1-150x150.jpg 150w, https:\/\/intimusdream.com\/wp-content\/uploads\/2025\/07\/img_141017_29ec768349dcc4b676b4ff21ae070535_1-768x768.jpg 768w, https:\/\/intimusdream.com\/wp-content\/uploads\/2025\/07\/img_141017_29ec768349dcc4b676b4ff21ae070535_1-600x600.jpg 600w, https:\/\/intimusdream.com\/wp-content\/uploads\/2025\/07\/img_141017_29ec768349dcc4b676b4ff21ae070535_1-100x100.jpg 100w, https:\/\/intimusdream.com\/wp-content\/uploads\/2025\/07\/img_141017_29ec768349dcc4b676b4ff21ae070535_1.jpg 800w\" sizes=\"(max-width: 300px) 100vw, 300px\" \/> <img loading=\"lazy\" decoding=\"async\" class=\"alignleft size-medium wp-image-19852\" src=\"https:\/\/intimusdream.com\/wp-content\/uploads\/2025\/07\/img_141018_1900e4c0562975df383fa2e442e664c0_1-300x300.jpg\" alt=\"\" width=\"300\" height=\"300\" srcset=\"https:\/\/intimusdream.com\/wp-content\/uploads\/2025\/07\/img_141018_1900e4c0562975df383fa2e442e664c0_1-300x300.jpg 300w, https:\/\/intimusdream.com\/wp-content\/uploads\/2025\/07\/img_141018_1900e4c0562975df383fa2e442e664c0_1-150x150.jpg 150w, https:\/\/intimusdream.com\/wp-content\/uploads\/2025\/07\/img_141018_1900e4c0562975df383fa2e442e664c0_1-768x768.jpg 768w, https:\/\/intimusdream.com\/wp-content\/uploads\/2025\/07\/img_141018_1900e4c0562975df383fa2e442e664c0_1-600x600.jpg 600w, https:\/\/intimusdream.com\/wp-content\/uploads\/2025\/07\/img_141018_1900e4c0562975df383fa2e442e664c0_1-100x100.jpg 100w, https:\/\/intimusdream.com\/wp-content\/uploads\/2025\/07\/img_141018_1900e4c0562975df383fa2e442e664c0_1.jpg 800w\" sizes=\"(max-width: 300px) 100vw, 300px\" \/> <img loading=\"lazy\" decoding=\"async\" class=\"alignleft size-medium wp-image-19853\" src=\"https:\/\/intimusdream.com\/wp-content\/uploads\/2025\/07\/img_141019_d06335dbe97c6c7c314c7e494edbd586_1-300x300.jpg\" alt=\"\" width=\"300\" height=\"300\" srcset=\"https:\/\/intimusdream.com\/wp-content\/uploads\/2025\/07\/img_141019_d06335dbe97c6c7c314c7e494edbd586_1-300x300.jpg 300w, https:\/\/intimusdream.com\/wp-content\/uploads\/2025\/07\/img_141019_d06335dbe97c6c7c314c7e494edbd586_1-150x150.jpg 150w, https:\/\/intimusdream.com\/wp-content\/uploads\/2025\/07\/img_141019_d06335dbe97c6c7c314c7e494edbd586_1-768x768.jpg 768w, https:\/\/intimusdream.com\/wp-content\/uploads\/2025\/07\/img_141019_d06335dbe97c6c7c314c7e494edbd586_1-600x600.jpg 600w, https:\/\/intimusdream.com\/wp-content\/uploads\/2025\/07\/img_141019_d06335dbe97c6c7c314c7e494edbd586_1-100x100.jpg 100w, https:\/\/intimusdream.com\/wp-content\/uploads\/2025\/07\/img_141019_d06335dbe97c6c7c314c7e494edbd586_1.jpg 800w\" sizes=\"(max-width: 300px) 100vw, 300px\" \/><\/p>\n","protected":false},"excerpt":{"rendered":"<p>O massageador de varinha Kyro apresenta um design inspirado no cetro dos poderosos fara\u00f3s eg\u00edpcios. Transmitindo realeza e poder tanto [&hellip;]<\/p>\n","protected":false},"featured_media":19822,"comment_status":"open","ping_status":"closed","template":"","meta":{"site-sidebar-layout":"default","site-content-layout":"","ast-site-content-layout":"default","site-content-style":"default","site-sidebar-style":"default","ast-global-header-display":"","ast-banner-title-visibility":"","ast-main-header-display":"","ast-hfb-above-header-display":"","ast-hfb-below-header-display":"","ast-hfb-mobile-header-display":"","site-post-title":"","ast-breadcrumbs-content":"","ast-featured-img":"","footer-sml-layout":"","theme-transparent-header-meta":"default","adv-header-id-meta":"","stick-header-meta":"","header-above-stick-meta":"","header-main-stick-meta":"","header-below-stick-meta":"","astra-migrate-meta-layouts":"set","ast-page-background-enabled":"default","ast-page-background-meta":{"desktop":{"background-color":"var(--ast-global-color-5)","background-image":"","background-repeat":"repeat","background-position":"center center","background-size":"auto","background-attachment":"scroll","background-type":"","background-media":"","overlay-type":"","overlay-color":"","overlay-opacity":"","overlay-gradient":""},"tablet":{"background-color":"","background-image":"","background-repeat":"repeat","background-position":"center center","background-size":"auto","background-attachment":"scroll","background-type":"","background-media":"","overlay-type":"","overlay-color":"","overlay-opacity":"","overlay-gradient":""},"mobile":{"background-color":"","background-image":"","background-repeat":"repeat","background-position":"center center","background-size":"auto","background-attachment":"scroll","background-type":"","background-media":"","overlay-type":"","overlay-color":"","overlay-opacity":"","overlay-gradient":""}},"ast-content-background-meta":{"desktop":{"background-color":"var(--ast-global-color-4)","background-image":"","background-repeat":"repeat","background-position":"center center","background-size":"auto","background-attachment":"scroll","background-type":"","background-media":"","overlay-type":"","overlay-color":"","overlay-opacity":"","overlay-gradient":""},"tablet":{"background-color":"var(--ast-global-color-4)","background-image":"","background-repeat":"repeat","background-position":"center center","background-size":"auto","background-attachment":"scroll","background-type":"","background-media":"","overlay-type":"","overlay-color":"","overlay-opacity":"","overlay-gradient":""},"mobile":{"background-color":"var(--ast-global-color-4)","background-image":"","background-repeat":"repeat","background-position":"center center","background-size":"auto","background-attachment":"scroll","background-type":"","background-media":"","overlay-type":"","overlay-color":"","overlay-opacity":"","overlay-gradient":""}}},"product_brand":[431],"product_cat":[429],"product_tag":[],"class_list":{"0":"post-19823","1":"product","2":"type-product","3":"status-publish","4":"has-post-thumbnail","6":"product_brand-zalo","7":"product_cat-vibradores-hi-tech","8":"desktop-align-left","9":"tablet-align-left","10":"mobile-align-left","12":"first","13":"instock","14":"featured","15":"shipping-taxable","16":"purchasable","17":"product-type-simple"},"_links":{"self":[{"href":"https:\/\/intimusdream.com\/index.php\/wp-json\/wp\/v2\/product\/19823","targetHints":{"allow":["GET"]}}],"collection":[{"href":"https:\/\/intimusdream.com\/index.php\/wp-json\/wp\/v2\/product"}],"about":[{"href":"https:\/\/intimusdream.com\/index.php\/wp-json\/wp\/v2\/types\/product"}],"replies":[{"embeddable":true,"href":"https:\/\/intimusdream.com\/index.php\/wp-json\/wp\/v2\/comments?post=19823"}],"wp:featuredmedia":[{"embeddable":true,"href":"https:\/\/intimusdream.com\/index.php\/wp-json\/wp\/v2\/media\/19822"}],"wp:attachment":[{"href":"https:\/\/intimusdream.com\/index.php\/wp-json\/wp\/v2\/media?parent=19823"}],"wp:term":[{"taxonomy":"product_brand","embeddable":true,"href":"https:\/\/intimusdream.com\/index.php\/wp-json\/wp\/v2\/product_brand?post=19823"},{"taxonomy":"product_cat","embeddable":true,"href":"https:\/\/intimusdream.com\/index.php\/wp-json\/wp\/v2\/product_cat?post=19823"},{"taxonomy":"product_tag","embeddable":true,"href":"https:\/\/intimusdream.com\/index.php\/wp-json\/wp\/v2\/product_tag?post=19823"}],"curies":[{"name":"wp","href":"https:\/\/api.w.org\/{rel}","templated":true}]}}